{"id":1273,"date":"2024-02-20T11:53:04","date_gmt":"2024-02-20T10:53:04","guid":{"rendered":"https:\/\/cocat-experiencies.c.wetopi.com\/experiencias\/sda-esc-r2-esc-2023-assist-the-elderly-in-prague\/"},"modified":"2024-07-26T13:54:47","modified_gmt":"2024-07-26T11:54:47","slug":"sda-esc-r2-esc-2023-assist-the-elderly-in-prague","status":"publish","type":"experiencias","link":"https:\/\/experiencies.cocat.org\/es\/experiencias\/sda-esc-r2-esc-2023-assist-the-elderly-in-prague\/","title":{"rendered":"SDA ESC-R2 ESC (2023) Assist the Elderly in Prague"},"content":{"rendered":"<div id='gallery-1' class='gallery galleryid-1273 gallery-columns-3 gallery-size-thumbnail'><figure class='gallery-item'>\n\t\t\t<div class='gallery-icon portrait'>\n\t\t\t\t<a href='https:\/\/experiencies.cocat.org\/wp-content\/uploads\/2024\/02\/IMG_1261-Lucia-Peris-Molto-scaled-1.jpg'><img decoding=\"async\" width=\"150\" height=\"150\" src=\"https:\/\/experiencies.cocat.org\/wp-content\/uploads\/2024\/02\/IMG_1261-Lucia-Peris-Molto-scaled-1-150x150.jpg\" class=\"attachment-thumbnail size-thumbnail\" alt=\"\" srcset=\"https:\/\/experiencies.cocat.org\/wp-content\/uploads\/2024\/02\/IMG_1261-Lucia-Peris-Molto-scaled-1-150x150.jpg 150w, https:\/\/experiencies.cocat.org\/wp-content\/uploads\/2024\/02\/IMG_1261-Lucia-Peris-Molto-scaled-1-600x600.jpg 600w\" sizes=\"custom-gallery-size\" \/><\/a>\n\t\t\t<\/div><\/figure><figure class='gallery-item'>\n\t\t\t<div class='gallery-icon portrait'>\n\t\t\t\t<a href='https:\/\/experiencies.cocat.org\/wp-content\/uploads\/2024\/02\/cb51e981-b8fc-4e52-bebc-3a2c5937108a-Lucia-Peris-Molto.jpg'><img decoding=\"async\" width=\"150\" height=\"150\" src=\"https:\/\/experiencies.cocat.org\/wp-content\/uploads\/2024\/02\/cb51e981-b8fc-4e52-bebc-3a2c5937108a-Lucia-Peris-Molto-150x150.jpg\" class=\"attachment-thumbnail size-thumbnail\" alt=\"\" \/><\/a>\n\t\t\t<\/div><\/figure><figure class='gallery-item'>\n\t\t\t<div class='gallery-icon portrait'>\n\t\t\t\t<a href='https:\/\/experiencies.cocat.org\/wp-content\/uploads\/2024\/02\/IMG_1326-Lucia-Peris-Molto-scaled-1.jpg'><img decoding=\"async\" width=\"150\" height=\"150\" src=\"https:\/\/experiencies.cocat.org\/wp-content\/uploads\/2024\/02\/IMG_1326-Lucia-Peris-Molto-scaled-1-150x150.jpg\" class=\"attachment-thumbnail size-thumbnail\" alt=\"\" srcset=\"https:\/\/experiencies.cocat.org\/wp-content\/uploads\/2024\/02\/IMG_1326-Lucia-Peris-Molto-scaled-1-150x150.jpg 150w, https:\/\/experiencies.cocat.org\/wp-content\/uploads\/2024\/02\/IMG_1326-Lucia-Peris-Molto-scaled-1-600x600.jpg 600w\" sizes=\"custom-gallery-size\" \/><\/a>\n\t\t\t<\/div><\/figure>\n\t\t<\/div>\n\n<p>&nbsp;<\/p>\n<p>&nbsp;<\/p>\n<p><span style=\"font-weight: 400\"><div class=\"vc_row_inner\"><div class=\"vc_column_inner width-1-4\"><div class=\"vc_column_text\"><\/div><\/span><\/p>\n<p><strong>Tipo y a\u00f1o del proyecto<\/strong><\/p>\n<p>Campo de trabajo de corta duraci\u00f3n, subvencionado ESC VT, 2023<\/p>\n<p><strong>Organizaci\u00f3n de acogida<\/strong><\/p>\n<p><a href=\"https:\/\/www.inexsda.cz\/en\/activities\/workcamps-abroad\/\">INEX SDA<\/a><\/p>\n<p><strong>Pa\u00eds y cuidad\u00a0<\/strong><\/p>\n<p><span style=\"font-weight: 400\">Rep\u00fablica Checa, Praga<\/span><\/p>\n<p><strong>La preparaci\u00f3n del viaje<\/strong><\/p>\n<p>Le\u00ed la infosheet y la intent\u00e9 seguir lo m\u00e1ximo posible. Cog\u00ed ropa de primavera y de verano porque el tiempo marcaba para la primera semana lluvias, y menos mal porque necesitamos hasta manga larga. No nos ped\u00edan ning\u00fan tipo de material o equipamiento por lo que cog\u00ed ropa c\u00f3moda, deportivas y toallas que en un principio no nos las daban pero finalmente si que tuvimos.<\/p>\n<p><strong>Sobre el Pa\u00eds<\/strong><\/p>\n<pre id=\"tw-target-text\" class=\"tw-data-text tw-text-large tw-ta\" dir=\"ltr\" data-placeholder=\"Traducci\u00f3\" data-ved=\"2ahUKEwiVkevX7rmEAxX8h_0HHTJ4Ao8Q3ewLegQIDRAU\"><\/pre>\n<p>La lengua es completamente diferente al espa\u00f1ol o catal\u00e1n por lo que aprend\u00ed lo b\u00e1sico para dar los buenos d\u00edas y decir adi\u00f3s a la comunidad checa. Las costumbres a la hora de comer tambi\u00e9n son muy diferentes, tienen un horario distinto y el tipo de comida es contundente, nada que ver con la dieta mediterr\u00e1nea.<\/p>\n<p><span style=\"font-weight: 400\"><\/div><\/span><\/p>\n<p><span style=\"font-weight: 400\"><div class=\"vc_column_inner width-1-4\"><\/span><\/p>\n<p><strong>Estilo de vida<\/strong><\/p>\n<p>El transporte p\u00fablico funciona de maravilla y el precio es inmejorable compramos el billete para estar 1 mes y solo costaba 23 euros que comparado con Espa\u00f1a es muy barato. En cuanto al coste de vida yo dir\u00eda que menos el transporte, el resto de elementos necesarios son igual o m\u00e1s caros que en Espa\u00f1a. No supe manejarme mucho al tener que cambiar de moneda y al no ser buena con las matem\u00e1ticas ten\u00eda que ir mirando mucho los precios.<\/p>\n<p><strong>El entorno del proyecto\u00a0<\/strong><\/p>\n<p>El primer d\u00eda de llegada pude ir con la l\u00edder a la residencia y todo fueron buenas impresiones. Durante el proyecto visit\u00e9 la ciudad de Praga central es preciosa y todas las tardes puedes hacer un plan diferente, desde pasear por el casco antiguo, como coger una bici y subir hasta Praga 6, ba\u00f1arte en un lago, ver el atardecer en el r\u00eda Moldova. Es estupenda la ciudad a m\u00ed me encant\u00f3. Y Praga 15 que era donde est\u00e1bamos hospedados es una zona tranquila con un peque\u00f1o r\u00edo y me encantaba volver para ver la ca\u00edda del sol desde la estaci\u00f3n de bus de Nadrazi Hostivar, era estupendo ver como el cielo se volv\u00ed naranja y oscuro.<\/p>\n<p><span style=\"font-weight: 400\"><\/div><\/span><\/p>\n<p><span style=\"font-weight: 400\"><div class=\"vc_column_inner width-1-4\"><\/span><\/p>\n<p><strong>Un peque\u00f1o resumen de la experiencia<\/strong><\/p>\n<p>El d\u00eda a d\u00eda era bastante rutinario no pod\u00eda dormir m\u00e1s de las 8,30 por lo que me pon\u00eda enseguida en marcha. Intent\u00e9 tener una peque\u00f1a rutina de desayuno, luego bus para ir al lugar de trabajo, seguir la programaci\u00f3n del d\u00eda y una vez acababa dependiendo de como estaba bajaba al centro de la ciudad o me iba a descansar al Kolej siempre habl\u00e1ndolo con los compa\u00f1eros. Finalmente, tuvimos un par de cenas comunes pero al no tener un lugar privado donde pod\u00edamos estar todos charlando y comiendo, decidimos cenar cada uno por su lado. Hicimos actividades de habla en diferentes idiomas, juegos de mesa, origami y sobre todo pintar, dibujar, bailar y cantar al ritmo de la m\u00fasica de todo tipo. La relaci\u00f3n entre los compa\u00f1eros en general bien no perfecta pero era bastante buena. Con la l\u00edder tuve alg\u00fan que otro peque\u00f1o roce pero por motivos de liderazgo que pudimos resolver. Y en cuanto a la tutora, Neli estuvo con nosotros todo lo que pudo ya que fueron dos semanas complicadas para ella en su trabajo. El lugar de trabajo era ideal con nuestra propia aula y un jard\u00edn precioso donde realiz\u00e1bamos las actividades con los mayores, la limpieza impecable.<\/p>\n<p><span style=\"font-weight: 400\"><\/div><\/span><\/p>\n<p><span style=\"font-weight: 400\"><div class=\"vc_column_inner width-1-4\"><\/span><\/p>\n<p><b>Alg\u00fan<\/b><strong> consejo o an\u00e9cdota<\/strong><\/p>\n<p>Una an\u00e9cdota podr\u00eda ser que a\u00fan sin entender a los mayores supimos comunicarnos con ellos sin problema gracias a nuestros traductores del grupo y que con una mirada alguien te puede expresar tanto cari\u00f1o como con una palabra. Eso me pas\u00f3 con una de las residentes que a\u00fan sin entendernos la una a la otra conectamos. Y creo poder decir que a todos nos pas\u00f3 igual.<\/p>\n<p><em>Luc\u00eda P. M.<\/em><\/p>\n<p><span style=\"font-weight: 400\"><\/div><\/span><\/p>\n<p><span style=\"font-weight: 400\"><\/div><\/span><\/p>\n","protected":false},"featured_media":817,"template":"","categoria-experiencia":[37,38,182],"class_list":["post-1273","experiencias","type-experiencias","status-publish","has-post-thumbnail","hentry","categoria-experiencia-corta-duracion","categoria-experiencia-european-solidarity-corps-2","categoria-experiencia-republica-checa-es"],"_links":{"self":[{"href":"https:\/\/experiencies.cocat.org\/es\/wp-json\/wp\/v2\/experiencias\/1273","targetHints":{"allow":["GET"]}}],"collection":[{"href":"https:\/\/experiencies.cocat.org\/es\/wp-json\/wp\/v2\/experiencias"}],"about":[{"href":"https:\/\/experiencies.cocat.org\/es\/wp-json\/wp\/v2\/types\/experiencias"}],"wp:featuredmedia":[{"embeddable":true,"href":"https:\/\/experiencies.cocat.org\/es\/wp-json\/wp\/v2\/media\/817"}],"wp:attachment":[{"href":"https:\/\/experiencies.cocat.org\/es\/wp-json\/wp\/v2\/media?parent=1273"}],"wp:term":[{"taxonomy":"categoria-experiencia","embeddable":true,"href":"https:\/\/experiencies.cocat.org\/es\/wp-json\/wp\/v2\/categoria-experiencia?post=1273"}],"curies":[{"name":"wp","href":"https:\/\/api.w.org\/{rel}","templated":true}]}}

<div id='gallery-1' class='gallery galleryid-1273 gallery-columns-3 gallery-size-thumbnail'><figure class='gallery-item'>
			<div class='gallery-icon portrait'>
				<a href='https://experiencies.cocat.org/wp-content/uploads/2024/02/IMG_1261-Lucia-Peris-Molto-scaled-1.jpg'><img decoding="async" width="150" height="150" src="https://experiencies.cocat.org/wp-content/uploads/2024/02/IMG_1261-Lucia-Peris-Molto-scaled-1-150x150.jpg" class="attachment-thumbnail size-thumbnail" alt="" srcset="https://experiencies.cocat.org/wp-content/uploads/2024/02/IMG_1261-Lucia-Peris-Molto-scaled-1-150x150.jpg 150w, https://experiencies.cocat.org/wp-content/uploads/2024/02/IMG_1261-Lucia-Peris-Molto-scaled-1-600x600.jpg 600w" sizes="custom-gallery-size" /></a>
			</div></figure><figure class='gallery-item'>
			<div class='gallery-icon portrait'>
				<a href='https://experiencies.cocat.org/wp-content/uploads/2024/02/cb51e981-b8fc-4e52-bebc-3a2c5937108a-Lucia-Peris-Molto.jpg'><img decoding="async" width="150" height="150" src="https://experiencies.cocat.org/wp-content/uploads/2024/02/cb51e981-b8fc-4e52-bebc-3a2c5937108a-Lucia-Peris-Molto-150x150.jpg" class="attachment-thumbnail size-thumbnail" alt="" /></a>
			</div></figure><figure class='gallery-item'>
			<div class='gallery-icon portrait'>
				<a href='https://experiencies.cocat.org/wp-content/uploads/2024/02/IMG_1326-Lucia-Peris-Molto-scaled-1.jpg'><img decoding="async" width="150" height="150" src="https://experiencies.cocat.org/wp-content/uploads/2024/02/IMG_1326-Lucia-Peris-Molto-scaled-1-150x150.jpg" class="attachment-thumbnail size-thumbnail" alt="" srcset="https://experiencies.cocat.org/wp-content/uploads/2024/02/IMG_1326-Lucia-Peris-Molto-scaled-1-150x150.jpg 150w, https://experiencies.cocat.org/wp-content/uploads/2024/02/IMG_1326-Lucia-Peris-Molto-scaled-1-600x600.jpg 600w" sizes="custom-gallery-size" /></a>
			</div></figure>
		</div>

<p>&nbsp;</p>
<p>&nbsp;</p>
<p><span style="font-weight: 400"><div class="vc_row_inner"><div class="vc_column_inner width-1-4"><div class="vc_column_text"></div></span></p>
<p><strong>Tipo y año del proyecto</strong></p>
<p>Campo de trabajo de corta duración, subvencionado ESC VT, 2023</p>
<p><strong>Organización de acogida</strong></p>
<p><a href="https://www.inexsda.cz/en/activities/workcamps-abroad/">INEX SDA</a></p>
<p><strong>País y cuidad </strong></p>
<p><span style="font-weight: 400">República Checa, Praga</span></p>
<p><strong>La preparación del viaje</strong></p>
<p>Leí la infosheet y la intenté seguir lo máximo posible. Cogí ropa de primavera y de verano porque el tiempo marcaba para la primera semana lluvias, y menos mal porque necesitamos hasta manga larga. No nos pedían ningún tipo de material o equipamiento por lo que cogí ropa cómoda, deportivas y toallas que en un principio no nos las daban pero finalmente si que tuvimos.</p>
<p><strong>Sobre el País</strong></p>
<pre id="tw-target-text" class="tw-data-text tw-text-large tw-ta" dir="ltr" data-placeholder="Traducció" data-ved="2ahUKEwiVkevX7rmEAxX8h_0HHTJ4Ao8Q3ewLegQIDRAU"></pre>
<p>La lengua es completamente diferente al español o catalán por lo que aprendí lo básico para dar los buenos días y decir adiós a la comunidad checa. Las costumbres a la hora de comer también son muy diferentes, tienen un horario distinto y el tipo de comida es contundente, nada que ver con la dieta mediterránea.</p>
<p><span style="font-weight: 400"></div></span></p>
<p><span style="font-weight: 400"><div class="vc_column_inner width-1-4"></span></p>
<p><strong>Estilo de vida</strong></p>
<p>El transporte público funciona de maravilla y el precio es inmejorable compramos el billete para estar 1 mes y solo costaba 23 euros que comparado con España es muy barato. En cuanto al coste de vida yo diría que menos el transporte, el resto de elementos necesarios son igual o más caros que en España. No supe manejarme mucho al tener que cambiar de moneda y al no ser buena con las matemáticas tenía que ir mirando mucho los precios.</p>
<p><strong>El entorno del proyecto </strong></p>
<p>El primer día de llegada pude ir con la líder a la residencia y todo fueron buenas impresiones. Durante el proyecto visité la ciudad de Praga central es preciosa y todas las tardes puedes hacer un plan diferente, desde pasear por el casco antiguo, como coger una bici y subir hasta Praga 6, bañarte en un lago, ver el atardecer en el ría Moldova. Es estupenda la ciudad a mí me encantó. Y Praga 15 que era donde estábamos hospedados es una zona tranquila con un pequeño río y me encantaba volver para ver la caída del sol desde la estación de bus de Nadrazi Hostivar, era estupendo ver como el cielo se volví naranja y oscuro.</p>
<p><span style="font-weight: 400"></div></span></p>
<p><span style="font-weight: 400"><div class="vc_column_inner width-1-4"></span></p>
<p><strong>Un pequeño resumen de la experiencia</strong></p>
<p>El día a día era bastante rutinario no podía dormir más de las 8,30 por lo que me ponía enseguida en marcha. Intenté tener una pequeña rutina de desayuno, luego bus para ir al lugar de trabajo, seguir la programación del día y una vez acababa dependiendo de como estaba bajaba al centro de la ciudad o me iba a descansar al Kolej siempre hablándolo con los compañeros. Finalmente, tuvimos un par de cenas comunes pero al no tener un lugar privado donde podíamos estar todos charlando y comiendo, decidimos cenar cada uno por su lado. Hicimos actividades de habla en diferentes idiomas, juegos de mesa, origami y sobre todo pintar, dibujar, bailar y cantar al ritmo de la música de todo tipo. La relación entre los compañeros en general bien no perfecta pero era bastante buena. Con la líder tuve algún que otro pequeño roce pero por motivos de liderazgo que pudimos resolver. Y en cuanto a la tutora, Neli estuvo con nosotros todo lo que pudo ya que fueron dos semanas complicadas para ella en su trabajo. El lugar de trabajo era ideal con nuestra propia aula y un jardín precioso donde realizábamos las actividades con los mayores, la limpieza impecable.</p>
<p><span style="font-weight: 400"></div></span></p>
<p><span style="font-weight: 400"><div class="vc_column_inner width-1-4"></span></p>
<p><b>Algún</b><strong> consejo o anécdota</strong></p>
<p>Una anécdota podría ser que aún sin entender a los mayores supimos comunicarnos con ellos sin problema gracias a nuestros traductores del grupo y que con una mirada alguien te puede expresar tanto cariño como con una palabra. Eso me pasó con una de las residentes que aún sin entendernos la una a la otra conectamos. Y creo poder decir que a todos nos pasó igual.</p>
<p><em>Lucía P. M.</em></p>
<p><span style="font-weight: 400"></div></span></p>
<p><span style="font-weight: 400"></div></span></p>
