{"id":1423,"date":"2023-10-17T10:43:07","date_gmt":"2023-10-17T08:43:07","guid":{"rendered":"https:\/\/cocat-experiencies.c.wetopi.com\/experiencias\/concf-7207-esc-free-zone-for-circular-economy-2023\/"},"modified":"2024-07-26T14:00:21","modified_gmt":"2024-07-26T12:00:21","slug":"concf-7207-esc-free-zone-for-circular-economy-2023","status":"publish","type":"experiencias","link":"https:\/\/experiencies.cocat.org\/es\/experiencias\/concf-7207-esc-free-zone-for-circular-economy-2023\/","title":{"rendered":"CONCF- 7207- ESC Free Zone For Circular Economy (2023)"},"content":{"rendered":"<div id='gallery-1' class='gallery galleryid-1423 gallery-columns-2 gallery-size-thumbnail'><figure class='gallery-item'>\n\t\t\t<div class='gallery-icon portrait'>\n\t\t\t\t<a href='https:\/\/experiencies.cocat.org\/wp-content\/uploads\/2023\/10\/IMG-20230720-WA0007-Maximo-Mira.jpg'><img decoding=\"async\" width=\"150\" height=\"150\" src=\"https:\/\/experiencies.cocat.org\/wp-content\/uploads\/2023\/10\/IMG-20230720-WA0007-Maximo-Mira-150x150.jpg\" class=\"attachment-thumbnail size-thumbnail\" alt=\"\" srcset=\"https:\/\/experiencies.cocat.org\/wp-content\/uploads\/2023\/10\/IMG-20230720-WA0007-Maximo-Mira-150x150.jpg 150w, https:\/\/experiencies.cocat.org\/wp-content\/uploads\/2023\/10\/IMG-20230720-WA0007-Maximo-Mira-600x600.jpg 600w\" sizes=\"custom-gallery-size\" \/><\/a>\n\t\t\t<\/div><\/figure><figure class='gallery-item'>\n\t\t\t<div class='gallery-icon landscape'>\n\t\t\t\t<a href='https:\/\/experiencies.cocat.org\/wp-content\/uploads\/2023\/10\/IMG-20230722-WA0023-Maximo-Mira.jpg'><img decoding=\"async\" width=\"150\" height=\"150\" src=\"https:\/\/experiencies.cocat.org\/wp-content\/uploads\/2023\/10\/IMG-20230722-WA0023-Maximo-Mira-150x150.jpg\" class=\"attachment-thumbnail size-thumbnail\" alt=\"\" srcset=\"https:\/\/experiencies.cocat.org\/wp-content\/uploads\/2023\/10\/IMG-20230722-WA0023-Maximo-Mira-150x150.jpg 150w, https:\/\/experiencies.cocat.org\/wp-content\/uploads\/2023\/10\/IMG-20230722-WA0023-Maximo-Mira-600x600.jpg 600w\" sizes=\"custom-gallery-size\" \/><\/a>\n\t\t\t<\/div><\/figure>\n\t\t<\/div>\n\n<p><span style=\"font-weight: 400\"><div class=\"vc_row_inner\"><div class=\"vc_column_inner width-1-4\"><div class=\"vc_column_text\"><\/div><\/span><\/p>\n<p><strong>Organizaci\u00f3n de acogida<\/strong><\/p>\n<p><a href=\"https:\/\/www.concordia.fr\/who-are-we\/\">Concordia France<\/a><\/p>\n<p>&nbsp;<\/p>\n<p><strong>Pa\u00eds y ciudad de destino<\/strong><\/p>\n<p>Francia, Le Mans<\/p>\n<p>&nbsp;<\/p>\n<p><strong>La preparaci\u00f3n del viaje<\/strong><\/p>\n<p><span style=\"font-weight: 400\">Antes que nada es importante conseguir los billetes de avi\u00f3n, cuanto m\u00e1s tiempo te esperes, mayor ser\u00e1 el precio. Una vez que los hayas comprado ya sabr\u00e1s que tipo de bolso puedes llevar contigo, en mi caso dado que fueron 15 d\u00edas y en verano con una maleta de cabina fue suficiente. Siempre es importante recordar que el clima es algo muy cambiante por lo que no hay que dejarse enga\u00f1ar por el pron\u00f3stico, recuerda llevar ropa de abrigo, chubasquero o quiz\u00e1s alg\u00fan paragua, nunca est\u00e1n de m\u00e1s. En mi workcamp nos pidieron que llev\u00e1ramos saco de dormir aunque al final no fue necesario. Y en cuanto a las preparaciones finales del viaje siempre es \u00fatil llevar impreso los boletos, el seguro, alguna copia del documento&#8230; todas esas cosas que llevas en el m\u00f3vil, por si acaso.<\/span><\/p>\n<p><span style=\"font-weight: 400\"><\/div><\/span><\/p>\n<p><span style=\"font-weight: 400\"><div class=\"vc_column_inner width-1-4\"><\/span><\/p>\n<p><strong>Sobre el pa\u00eds<\/strong><\/p>\n<p><span style=\"font-weight: 400\">Mi experiencia en Francia fue muy enriquecedora porque es un pa\u00eds muy rico culturalmente. Conoc\u00ed gente de varios pa\u00edses y descubr\u00ed cosas bastante curiosas como que comen queso cada vez que pueden. En cuanto a la lengua es importante estar preparado para comunicarse mediante gestos jajaja, los franceses y el ingl\u00e9s no tienen una relaci\u00f3n demasiado fluida.\u00a0 <\/span><\/p>\n<p><strong>Estilo de vida\u00a0<\/strong><\/p>\n<p><span style=\"font-weight: 400\">Sobre esto no puedo decir mucho pero en general es un poco m\u00e1s caro que Espa\u00f1a aunque no en exceso. Donde m\u00e1s se notan los precios es cuando vas a alg\u00fan bar o comer algo.<\/span><\/p>\n<p><strong>El entorno del proyecto\u00a0<\/strong><\/p>\n<p><span style=\"font-weight: 400\">Durante el proyecto tuvimos la oportunidad de visitar la pista de carreras de las 24 horas de Le Mans y fue muy interesante.\u00a0<\/span><\/p>\n<p><span style=\"font-weight: 400\"><\/div><\/span><\/p>\n<p><span style=\"font-weight: 400\"><div class=\"vc_column_inner width-1-4\"><\/span><\/p>\n<p><span style=\"font-weight: 400\">Adem\u00e1s el siguiente fin de semana hicimos un viaje en grupo hasta Angers, una ciudad a una hora en tren que es muy bonita por sus murallas y casco antiguo.<\/span><\/p>\n<p><strong>Un peque\u00f1o resumen de tu experiencia\u00a0<\/strong><\/p>\n<p><span style=\"font-weight: 400\">Nuestro proyecto consist\u00eda en organizar actividades y llevar a cabo un evento para recaudar y entregar donaciones a los habitantes de un barrio de clase trabajadora de la ciudad. Por el d\u00eda empez\u00e1bamos trabajando a las 9 de la ma\u00f1ana, par\u00e1bamos a las 12 a comer y luego segu\u00edamos hasta las 5 de la tarde. Sin embargo, al contrario de lo que pueda parecer no ten\u00edamos demasiado trabajo para realizar lo cual hac\u00eda que perdi\u00e9ramos algo tiempo. Una parte del grupo se encarg\u00f3 de desarrollar juegos para los ni\u00f1os que asist\u00edan y los dem\u00e1s nos encargamos de realizar talleres de reutilizaci\u00f3n de residuos y manualidades. Tambi\u00e9n hicimos decoraciones y promocionamos varias veces el evento en la ciudad saliendo a repartir folletos.\u00a0<\/span><\/p>\n<p><span style=\"font-weight: 400\">La relaci\u00f3n con\u00a0 los compa\u00f1eros fue genial, el grupo era espectacular y pudimos aprender mucho unos de otros. <\/span><\/p>\n<p><span style=\"font-weight: 400\"><\/div><\/span><\/p>\n<p><span style=\"font-weight: 400\"><div class=\"vc_column_inner width-1-4\"><\/span><\/p>\n<p><span style=\"font-weight: 400\">La \u00fanica queja que realmente tengo es sobre la chica que nos dirig\u00eda, creo que es m\u00e1s que nada falta de esp\u00edritu y un poco de resentimiento hacia al lugar porque era algo que ella no hab\u00eda elegido sino que eran sus pr\u00e1cticas universitarias. Creo que con otro l\u00edder con mayor iniciativa podr\u00edamos haber aprovechado el tiempo mucho m\u00e1s.<\/span><\/p>\n<p><span style=\"font-weight: 400\">Pero si hay algo que destaca de la experiencia es el alojamiento, se trataba de un centro social que estaba en bastante buen estado con vistas a un precioso lago y parque. El entorno era hermoso y realizamos diversos juegos<\/span><\/p>\n<p><strong>Algun consejo o alguna an\u00e9cdota que quieras compartir\u00a0<\/strong><\/p>\n<p><span style=\"font-weight: 400\">Estar preparados para disfrutar y conocer mucha gente nueva.\u00a0<\/span><\/p>\n<p><em>M\u00e1ximo<\/em><\/p>\n<p><span style=\"font-weight: 400\"><\/div><\/span><\/p>\n<p><span style=\"font-weight: 400\"><\/div><\/span><\/p>\n","protected":false},"featured_media":1424,"template":"","categoria-experiencia":[37,38,158],"class_list":["post-1423","experiencias","type-experiencias","status-publish","has-post-thumbnail","hentry","categoria-experiencia-corta-duracion","categoria-experiencia-european-solidarity-corps-2","categoria-experiencia-francia-es"],"_links":{"self":[{"href":"https:\/\/experiencies.cocat.org\/es\/wp-json\/wp\/v2\/experiencias\/1423","targetHints":{"allow":["GET"]}}],"collection":[{"href":"https:\/\/experiencies.cocat.org\/es\/wp-json\/wp\/v2\/experiencias"}],"about":[{"href":"https:\/\/experiencies.cocat.org\/es\/wp-json\/wp\/v2\/types\/experiencias"}],"wp:featuredmedia":[{"embeddable":true,"href":"https:\/\/experiencies.cocat.org\/es\/wp-json\/wp\/v2\/media\/1424"}],"wp:attachment":[{"href":"https:\/\/experiencies.cocat.org\/es\/wp-json\/wp\/v2\/media?parent=1423"}],"wp:term":[{"taxonomy":"categoria-experiencia","embeddable":true,"href":"https:\/\/experiencies.cocat.org\/es\/wp-json\/wp\/v2\/categoria-experiencia?post=1423"}],"curies":[{"name":"wp","href":"https:\/\/api.w.org\/{rel}","templated":true}]}}

<div id='gallery-1' class='gallery galleryid-1423 gallery-columns-2 gallery-size-thumbnail'><figure class='gallery-item'>
			<div class='gallery-icon portrait'>
				<a href='https://experiencies.cocat.org/wp-content/uploads/2023/10/IMG-20230720-WA0007-Maximo-Mira.jpg'><img decoding="async" width="150" height="150" src="https://experiencies.cocat.org/wp-content/uploads/2023/10/IMG-20230720-WA0007-Maximo-Mira-150x150.jpg" class="attachment-thumbnail size-thumbnail" alt="" srcset="https://experiencies.cocat.org/wp-content/uploads/2023/10/IMG-20230720-WA0007-Maximo-Mira-150x150.jpg 150w, https://experiencies.cocat.org/wp-content/uploads/2023/10/IMG-20230720-WA0007-Maximo-Mira-600x600.jpg 600w" sizes="custom-gallery-size" /></a>
			</div></figure><figure class='gallery-item'>
			<div class='gallery-icon landscape'>
				<a href='https://experiencies.cocat.org/wp-content/uploads/2023/10/IMG-20230722-WA0023-Maximo-Mira.jpg'><img decoding="async" width="150" height="150" src="https://experiencies.cocat.org/wp-content/uploads/2023/10/IMG-20230722-WA0023-Maximo-Mira-150x150.jpg" class="attachment-thumbnail size-thumbnail" alt="" srcset="https://experiencies.cocat.org/wp-content/uploads/2023/10/IMG-20230722-WA0023-Maximo-Mira-150x150.jpg 150w, https://experiencies.cocat.org/wp-content/uploads/2023/10/IMG-20230722-WA0023-Maximo-Mira-600x600.jpg 600w" sizes="custom-gallery-size" /></a>
			</div></figure>
		</div>

<p><span style="font-weight: 400"><div class="vc_row_inner"><div class="vc_column_inner width-1-4"><div class="vc_column_text"></div></span></p>
<p><strong>Organización de acogida</strong></p>
<p><a href="https://www.concordia.fr/who-are-we/">Concordia France</a></p>
<p>&nbsp;</p>
<p><strong>País y ciudad de destino</strong></p>
<p>Francia, Le Mans</p>
<p>&nbsp;</p>
<p><strong>La preparación del viaje</strong></p>
<p><span style="font-weight: 400">Antes que nada es importante conseguir los billetes de avión, cuanto más tiempo te esperes, mayor será el precio. Una vez que los hayas comprado ya sabrás que tipo de bolso puedes llevar contigo, en mi caso dado que fueron 15 días y en verano con una maleta de cabina fue suficiente. Siempre es importante recordar que el clima es algo muy cambiante por lo que no hay que dejarse engañar por el pronóstico, recuerda llevar ropa de abrigo, chubasquero o quizás algún paragua, nunca están de más. En mi workcamp nos pidieron que lleváramos saco de dormir aunque al final no fue necesario. Y en cuanto a las preparaciones finales del viaje siempre es útil llevar impreso los boletos, el seguro, alguna copia del documento&#8230; todas esas cosas que llevas en el móvil, por si acaso.</span></p>
<p><span style="font-weight: 400"></div></span></p>
<p><span style="font-weight: 400"><div class="vc_column_inner width-1-4"></span></p>
<p><strong>Sobre el país</strong></p>
<p><span style="font-weight: 400">Mi experiencia en Francia fue muy enriquecedora porque es un país muy rico culturalmente. Conocí gente de varios países y descubrí cosas bastante curiosas como que comen queso cada vez que pueden. En cuanto a la lengua es importante estar preparado para comunicarse mediante gestos jajaja, los franceses y el inglés no tienen una relación demasiado fluida.  </span></p>
<p><strong>Estilo de vida </strong></p>
<p><span style="font-weight: 400">Sobre esto no puedo decir mucho pero en general es un poco más caro que España aunque no en exceso. Donde más se notan los precios es cuando vas a algún bar o comer algo.</span></p>
<p><strong>El entorno del proyecto </strong></p>
<p><span style="font-weight: 400">Durante el proyecto tuvimos la oportunidad de visitar la pista de carreras de las 24 horas de Le Mans y fue muy interesante. </span></p>
<p><span style="font-weight: 400"></div></span></p>
<p><span style="font-weight: 400"><div class="vc_column_inner width-1-4"></span></p>
<p><span style="font-weight: 400">Además el siguiente fin de semana hicimos un viaje en grupo hasta Angers, una ciudad a una hora en tren que es muy bonita por sus murallas y casco antiguo.</span></p>
<p><strong>Un pequeño resumen de tu experiencia </strong></p>
<p><span style="font-weight: 400">Nuestro proyecto consistía en organizar actividades y llevar a cabo un evento para recaudar y entregar donaciones a los habitantes de un barrio de clase trabajadora de la ciudad. Por el día empezábamos trabajando a las 9 de la mañana, parábamos a las 12 a comer y luego seguíamos hasta las 5 de la tarde. Sin embargo, al contrario de lo que pueda parecer no teníamos demasiado trabajo para realizar lo cual hacía que perdiéramos algo tiempo. Una parte del grupo se encargó de desarrollar juegos para los niños que asistían y los demás nos encargamos de realizar talleres de reutilización de residuos y manualidades. También hicimos decoraciones y promocionamos varias veces el evento en la ciudad saliendo a repartir folletos. </span></p>
<p><span style="font-weight: 400">La relación con  los compañeros fue genial, el grupo era espectacular y pudimos aprender mucho unos de otros. </span></p>
<p><span style="font-weight: 400"></div></span></p>
<p><span style="font-weight: 400"><div class="vc_column_inner width-1-4"></span></p>
<p><span style="font-weight: 400">La única queja que realmente tengo es sobre la chica que nos dirigía, creo que es más que nada falta de espíritu y un poco de resentimiento hacia al lugar porque era algo que ella no había elegido sino que eran sus prácticas universitarias. Creo que con otro líder con mayor iniciativa podríamos haber aprovechado el tiempo mucho más.</span></p>
<p><span style="font-weight: 400">Pero si hay algo que destaca de la experiencia es el alojamiento, se trataba de un centro social que estaba en bastante buen estado con vistas a un precioso lago y parque. El entorno era hermoso y realizamos diversos juegos</span></p>
<p><strong>Algun consejo o alguna anécdota que quieras compartir </strong></p>
<p><span style="font-weight: 400">Estar preparados para disfrutar y conocer mucha gente nueva. </span></p>
<p><em>Máximo</em></p>
<p><span style="font-weight: 400"></div></span></p>
<p><span style="font-weight: 400"></div></span></p>
