{"id":1931,"date":"2019-03-05T12:41:03","date_gmt":"2019-03-05T11:41:03","guid":{"rendered":"https:\/\/cocat-experiencies.c.wetopi.com\/experiencias\/vive18-19-02-sea-turtles-conservation-xv-2019-mexic\/"},"modified":"2024-07-26T14:53:28","modified_gmt":"2024-07-26T12:53:28","slug":"vive18-19-02-sea-turtles-conservation-xv-2019-mexic","status":"publish","type":"experiencias","link":"https:\/\/experiencies.cocat.org\/es\/experiencias\/vive18-19-02-sea-turtles-conservation-xv-2019-mexic\/","title":{"rendered":"VIVE18.19.02 Sea Turtles Conservation XV\/2019\/M\u00e9xic"},"content":{"rendered":"<div id='gallery-1' class='gallery galleryid-1931 gallery-columns-4 gallery-size-thumbnail'><figure class='gallery-item'>\n\t\t\t<div class='gallery-icon portrait'>\n\t\t\t\t<a href='https:\/\/experiencies.cocat.org\/wp-content\/uploads\/2019\/03\/fotos-7-scaled.jpg'><img decoding=\"async\" width=\"150\" height=\"150\" src=\"https:\/\/experiencies.cocat.org\/wp-content\/uploads\/2019\/03\/fotos-7-150x150.jpg\" class=\"attachment-thumbnail size-thumbnail\" alt=\"\" \/><\/a>\n\t\t\t<\/div><\/figure><figure class='gallery-item'>\n\t\t\t<div class='gallery-icon landscape'>\n\t\t\t\t<a href='https:\/\/experiencies.cocat.org\/wp-content\/uploads\/2019\/03\/fotos-5.jpg'><img decoding=\"async\" width=\"150\" height=\"150\" src=\"https:\/\/experiencies.cocat.org\/wp-content\/uploads\/2019\/03\/fotos-5-150x150.jpg\" class=\"attachment-thumbnail size-thumbnail\" alt=\"\" \/><\/a>\n\t\t\t<\/div><\/figure><figure class='gallery-item'>\n\t\t\t<div class='gallery-icon landscape'>\n\t\t\t\t<a href='https:\/\/experiencies.cocat.org\/wp-content\/uploads\/2019\/03\/fotos-11.jpg'><img decoding=\"async\" width=\"150\" height=\"150\" src=\"https:\/\/experiencies.cocat.org\/wp-content\/uploads\/2019\/03\/fotos-11-150x150.jpg\" class=\"attachment-thumbnail size-thumbnail\" alt=\"\" \/><\/a>\n\t\t\t<\/div><\/figure><figure class='gallery-item'>\n\t\t\t<div class='gallery-icon portrait'>\n\t\t\t\t<a href='https:\/\/experiencies.cocat.org\/wp-content\/uploads\/2019\/03\/fotos-4-scaled.jpg'><img loading=\"lazy\" decoding=\"async\" width=\"150\" height=\"150\" src=\"https:\/\/experiencies.cocat.org\/wp-content\/uploads\/2019\/03\/fotos-4-150x150.jpg\" class=\"attachment-thumbnail size-thumbnail\" alt=\"\" \/><\/a>\n\t\t\t<\/div><\/figure><figure class='gallery-item'>\n\t\t\t<div class='gallery-icon portrait'>\n\t\t\t\t<a href='https:\/\/experiencies.cocat.org\/wp-content\/uploads\/2019\/03\/fotos-2-scaled.jpg'><img loading=\"lazy\" decoding=\"async\" width=\"150\" height=\"150\" src=\"https:\/\/experiencies.cocat.org\/wp-content\/uploads\/2019\/03\/fotos-2-150x150.jpg\" class=\"attachment-thumbnail size-thumbnail\" alt=\"\" \/><\/a>\n\t\t\t<\/div><\/figure><figure class='gallery-item'>\n\t\t\t<div class='gallery-icon portrait'>\n\t\t\t\t<a href='https:\/\/experiencies.cocat.org\/wp-content\/uploads\/2019\/03\/fotos-3.jpg'><img loading=\"lazy\" decoding=\"async\" width=\"150\" height=\"150\" src=\"https:\/\/experiencies.cocat.org\/wp-content\/uploads\/2019\/03\/fotos-3-150x150.jpg\" class=\"attachment-thumbnail size-thumbnail\" alt=\"\" \/><\/a>\n\t\t\t<\/div><\/figure><figure class='gallery-item'>\n\t\t\t<div class='gallery-icon landscape'>\n\t\t\t\t<a href='https:\/\/experiencies.cocat.org\/wp-content\/uploads\/2019\/03\/fotos-6-scaled.jpg'><img loading=\"lazy\" decoding=\"async\" width=\"150\" height=\"150\" src=\"https:\/\/experiencies.cocat.org\/wp-content\/uploads\/2019\/03\/fotos-6-150x150.jpg\" class=\"attachment-thumbnail size-thumbnail\" alt=\"\" \/><\/a>\n\t\t\t<\/div><\/figure>\n\t\t<\/div>\n\n<div class=\"vc_row_inner\"><div class=\"vc_column_inner width-1-4\"><div class=\"vc_column_text\"><\/div><strong>Entitat organitzadora<\/strong><br \/>\n<a href=\"https:\/\/www.vivemexico.org\/\" target=\"_blank\" rel=\"noopener noreferrer\">Vive Mexico<\/a><br \/>\n<strong>Localitat<\/strong><br \/>\nRincon de Guayabitos, Nayarit, M\u00e9xic<\/p>\n<p><strong>L&#8217;experi\u00e8ncia en el camp<\/strong><br \/>\nEl primer dia est\u00e0 destinat a que arribin els voluntaris i es fa un sopar de benvinguda. A partir de llavors es distribueix a la gent en grups per fer les tasques pr\u00f2pies del camp. Pels matins normalment es revisen els nius i es comprova si han nascut tortugues, les quals s&#8217;alliberaran al vespre a la platja. Abans de sopar ens dirigim cap a les platges on es faran les rondes nocturnes i es sop\u00e0 all\u00e0. Les rondes duren m\u00e9s o menys fins les 6-7am. Els dies que no hi havia activitat pr\u00f2pia durant el mat\u00ed o tarda, ens portaven a d&#8217;altres pobles\/ciutats propers per fer turisme, o tamb\u00e9 a platges\/cales petites o a navegar per veure balenes!<br \/>\nCom preparar-se el viatge<br \/>\nRecomano portar euros ja canviats a pesos abans de viatjar. Al poble on es fa l&#8217;estada no hi ha camp banc o casa de canvi. Comprar els bitllets d&#8217;avi\u00f3 amb antelaci\u00f3 sempre surt m\u00e9s econ\u00f2mic. Recomano no oblidar-se de portar adaptadors de corrent o portar un transformador de corrent de viatge. En cas necessari, al poble hi ha farm\u00e0cia..<br \/>\n<\/div>\n<div class=\"vc_column_inner width-1-4\">\n<p><strong>Introducci\u00f3 a la cultura i la societat<\/strong><br \/>\nM\u00e8xic \u00e9s un pa\u00eds amb una cultura molt rica i molt oberta. La gent de seguida que pot intentar\u00e0 ajudar-te. En camp moment ens vam sentir insegurs a cap dels llocs que ens van portar a con\u00e8ixer, tot el contrari. S&#8217;ha de tenir en compte que a les ciutats grans, com a tot arreu, hi han barris i barris, jo recomano que si es vol visitar alguna altra ciutat que pregunteu als voluntaris d&#8217;all\u00e0 del camp i us aconsellaran les zones on \u00e9s millor allotjar-se etc.<\/p>\n<p><strong>Com moure\u2019s<\/strong><br \/>\nEs pot arribar amb avi\u00f3 fins a Guadalajara i des d&#8217;all\u00e0 agafar un autobus que triga menys de 4 hores fins La Pe\u00f1ita i despr\u00e8s un taxi fins l&#8217;hotel que triga 5 minuts. Una altra opci\u00f3 \u00e9s anar amb avi\u00f3 fins Puerto Vallarta i des d&#8217;all\u00e0 agafar un autob\u00fas fins la Pe\u00f1ita, triga 1&#8217;5h aproximadament, i despr\u00e9s el taxi fins l&#8217;hotel. Aquest bus em portaria tres hores m\u00e9s tard al centre per una carretera \u201cnacional\u201d i fent una parada per menjar.<br \/>\n<\/div>\n<div class=\"vc_column_inner width-1-4\"><strong>Com comunicar-se<\/strong><\/p>\n<p>Amb les persones del camp i els voluntaris l&#8217;idioma que es parla en l&#8217;angl\u00e8s. A les botigues, restaurants, etc la gent parla una mica d&#8217;angl\u00e8s tamb\u00e9 per\u00f2 si es parla castell\u00e0 amb ells millor.<\/p>\n<p><strong>Diners<\/strong><br \/>\nRecomano portar euros ja canviats a pesos abans de viatjar. Al poble on es fa l&#8217;estada no hi ha camp banc o casa de canvi. En comparaci\u00f3 amb Catalunya, el cost de la vida all\u00e0 resulta m\u00e9s econ\u00f2mic. Per exemple, un men\u00fa de dos plats i beguda costa uns 60 pesos (3 euros) o un taco ben farcit costa uns 12 pesos. A l&#8217;hotel i al poble no hi ha cap problema d&#8217;inseguretat, es poden portar els diners a sobre sense problema.\u00a0 Recomano treure sempre el m\u00e0xim de diners en \u201ccash\u201d ja que la taxa per treure diners s\u00f3n sempre 5 d\u00f2lars a tot arreu.<br \/>\n<\/div>\n<div class=\"vc_column_inner width-1-4\"><strong>Alimentaci\u00f3<\/strong><\/p>\n<p>Al camp ens van cuinar plats t\u00edpics de M\u00e8xic (bon\u00edssim tot) i sempre posaven el picant i les salses de xile a part per si a alg\u00fa no li agrada el picant. Els tres \u00e0pats que ens donaven eren molt bons i intentaven que fossin saludables evitant greixos, etc.<br \/>\nViatjar abans o despr\u00e8s del camp<br \/>\nEl viatge es pot fer pesat perqu\u00e8 des de Barcelona fins a Guadalajara son unes 18-20h amb avi\u00f3 i despr\u00e8s encara falta l&#8217;autob\u00fas i el taxi. Si es pot, jo recomano reservar-se 5-7 dies despr\u00e8s del camp per con\u00e8ixer alguna altra ciutat i fer turisme amb algun dels voluntaris que conegueu.<\/p>\n<p><strong>Qu\u00e8 t&#8217;emportes de l&#8217;experi\u00e8ncia?<\/strong><br \/>\nM&#8217;emporto una experi\u00e8ncia inoblidable, tant pel caliu hum\u00e0 de la gent del camp i del poble com per tots els voluntaris d&#8217;arreu del m\u00f3n que vaig con\u00e8ixer.<br \/>\n<\/div>\n<\/div>\n","protected":false},"featured_media":1932,"template":"","categoria-experiencia":[37,176],"class_list":["post-1931","experiencias","type-experiencias","status-publish","has-post-thumbnail","hentry","categoria-experiencia-corta-duracion","categoria-experiencia-mejico-es"],"_links":{"self":[{"href":"https:\/\/experiencies.cocat.org\/es\/wp-json\/wp\/v2\/experiencias\/1931","targetHints":{"allow":["GET"]}}],"collection":[{"href":"https:\/\/experiencies.cocat.org\/es\/wp-json\/wp\/v2\/experiencias"}],"about":[{"href":"https:\/\/experiencies.cocat.org\/es\/wp-json\/wp\/v2\/types\/experiencias"}],"wp:featuredmedia":[{"embeddable":true,"href":"https:\/\/experiencies.cocat.org\/es\/wp-json\/wp\/v2\/media\/1932"}],"wp:attachment":[{"href":"https:\/\/experiencies.cocat.org\/es\/wp-json\/wp\/v2\/media?parent=1931"}],"wp:term":[{"taxonomy":"categoria-experiencia","embeddable":true,"href":"https:\/\/experiencies.cocat.org\/es\/wp-json\/wp\/v2\/categoria-experiencia?post=1931"}],"curies":[{"name":"wp","href":"https:\/\/api.w.org\/{rel}","templated":true}]}}

VIVE18.19.02 Sea Turtles Conservation XV/2019/Méxic

<div id='gallery-1' class='gallery galleryid-1931 gallery-columns-4 gallery-size-thumbnail'><figure class='gallery-item'>
			<div class='gallery-icon portrait'>
				<a href='https://experiencies.cocat.org/wp-content/uploads/2019/03/fotos-7-scaled.jpg'><img decoding="async" width="150" height="150" src="https://experiencies.cocat.org/wp-content/uploads/2019/03/fotos-7-150x150.jpg" class="attachment-thumbnail size-thumbnail" alt="" /></a>
			</div></figure><figure class='gallery-item'>
			<div class='gallery-icon landscape'>
				<a href='https://experiencies.cocat.org/wp-content/uploads/2019/03/fotos-5.jpg'><img decoding="async" width="150" height="150" src="https://experiencies.cocat.org/wp-content/uploads/2019/03/fotos-5-150x150.jpg" class="attachment-thumbnail size-thumbnail" alt="" /></a>
			</div></figure><figure class='gallery-item'>
			<div class='gallery-icon landscape'>
				<a href='https://experiencies.cocat.org/wp-content/uploads/2019/03/fotos-11.jpg'><img decoding="async" width="150" height="150" src="https://experiencies.cocat.org/wp-content/uploads/2019/03/fotos-11-150x150.jpg" class="attachment-thumbnail size-thumbnail" alt="" /></a>
			</div></figure><figure class='gallery-item'>
			<div class='gallery-icon portrait'>
				<a href='https://experiencies.cocat.org/wp-content/uploads/2019/03/fotos-4-scaled.jpg'><img loading="lazy" decoding="async" width="150" height="150" src="https://experiencies.cocat.org/wp-content/uploads/2019/03/fotos-4-150x150.jpg" class="attachment-thumbnail size-thumbnail" alt="" /></a>
			</div></figure><figure class='gallery-item'>
			<div class='gallery-icon portrait'>
				<a href='https://experiencies.cocat.org/wp-content/uploads/2019/03/fotos-2-scaled.jpg'><img loading="lazy" decoding="async" width="150" height="150" src="https://experiencies.cocat.org/wp-content/uploads/2019/03/fotos-2-150x150.jpg" class="attachment-thumbnail size-thumbnail" alt="" /></a>
			</div></figure><figure class='gallery-item'>
			<div class='gallery-icon portrait'>
				<a href='https://experiencies.cocat.org/wp-content/uploads/2019/03/fotos-3.jpg'><img loading="lazy" decoding="async" width="150" height="150" src="https://experiencies.cocat.org/wp-content/uploads/2019/03/fotos-3-150x150.jpg" class="attachment-thumbnail size-thumbnail" alt="" /></a>
			</div></figure><figure class='gallery-item'>
			<div class='gallery-icon landscape'>
				<a href='https://experiencies.cocat.org/wp-content/uploads/2019/03/fotos-6-scaled.jpg'><img loading="lazy" decoding="async" width="150" height="150" src="https://experiencies.cocat.org/wp-content/uploads/2019/03/fotos-6-150x150.jpg" class="attachment-thumbnail size-thumbnail" alt="" /></a>
			</div></figure>
		</div>

<div class="vc_row_inner"><div class="vc_column_inner width-1-4"><div class="vc_column_text"></div><strong>Entitat organitzadora</strong><br />
<a href="https://www.vivemexico.org/" target="_blank" rel="noopener noreferrer">Vive Mexico</a><br />
<strong>Localitat</strong><br />
Rincon de Guayabitos, Nayarit, Méxic</p>
<p><strong>L&#8217;experiència en el camp</strong><br />
El primer dia està destinat a que arribin els voluntaris i es fa un sopar de benvinguda. A partir de llavors es distribueix a la gent en grups per fer les tasques pròpies del camp. Pels matins normalment es revisen els nius i es comprova si han nascut tortugues, les quals s&#8217;alliberaran al vespre a la platja. Abans de sopar ens dirigim cap a les platges on es faran les rondes nocturnes i es sopà allà. Les rondes duren més o menys fins les 6-7am. Els dies que no hi havia activitat pròpia durant el matí o tarda, ens portaven a d&#8217;altres pobles/ciutats propers per fer turisme, o també a platges/cales petites o a navegar per veure balenes!<br />
Com preparar-se el viatge<br />
Recomano portar euros ja canviats a pesos abans de viatjar. Al poble on es fa l&#8217;estada no hi ha camp banc o casa de canvi. Comprar els bitllets d&#8217;avió amb antelació sempre surt més econòmic. Recomano no oblidar-se de portar adaptadors de corrent o portar un transformador de corrent de viatge. En cas necessari, al poble hi ha farmàcia..<br />
</div>
<div class="vc_column_inner width-1-4">
<p><strong>Introducció a la cultura i la societat</strong><br />
Mèxic és un país amb una cultura molt rica i molt oberta. La gent de seguida que pot intentarà ajudar-te. En camp moment ens vam sentir insegurs a cap dels llocs que ens van portar a conèixer, tot el contrari. S&#8217;ha de tenir en compte que a les ciutats grans, com a tot arreu, hi han barris i barris, jo recomano que si es vol visitar alguna altra ciutat que pregunteu als voluntaris d&#8217;allà del camp i us aconsellaran les zones on és millor allotjar-se etc.</p>
<p><strong>Com moure’s</strong><br />
Es pot arribar amb avió fins a Guadalajara i des d&#8217;allà agafar un autobus que triga menys de 4 hores fins La Peñita i desprès un taxi fins l&#8217;hotel que triga 5 minuts. Una altra opció és anar amb avió fins Puerto Vallarta i des d&#8217;allà agafar un autobús fins la Peñita, triga 1&#8217;5h aproximadament, i després el taxi fins l&#8217;hotel. Aquest bus em portaria tres hores més tard al centre per una carretera “nacional” i fent una parada per menjar.<br />
</div>
<div class="vc_column_inner width-1-4"><strong>Com comunicar-se</strong></p>
<p>Amb les persones del camp i els voluntaris l&#8217;idioma que es parla en l&#8217;anglès. A les botigues, restaurants, etc la gent parla una mica d&#8217;anglès també però si es parla castellà amb ells millor.</p>
<p><strong>Diners</strong><br />
Recomano portar euros ja canviats a pesos abans de viatjar. Al poble on es fa l&#8217;estada no hi ha camp banc o casa de canvi. En comparació amb Catalunya, el cost de la vida allà resulta més econòmic. Per exemple, un menú de dos plats i beguda costa uns 60 pesos (3 euros) o un taco ben farcit costa uns 12 pesos. A l&#8217;hotel i al poble no hi ha cap problema d&#8217;inseguretat, es poden portar els diners a sobre sense problema.  Recomano treure sempre el màxim de diners en “cash” ja que la taxa per treure diners són sempre 5 dòlars a tot arreu.<br />
</div>
<div class="vc_column_inner width-1-4"><strong>Alimentació</strong></p>
<p>Al camp ens van cuinar plats típics de Mèxic (boníssim tot) i sempre posaven el picant i les salses de xile a part per si a algú no li agrada el picant. Els tres àpats que ens donaven eren molt bons i intentaven que fossin saludables evitant greixos, etc.<br />
Viatjar abans o desprès del camp<br />
El viatge es pot fer pesat perquè des de Barcelona fins a Guadalajara son unes 18-20h amb avió i desprès encara falta l&#8217;autobús i el taxi. Si es pot, jo recomano reservar-se 5-7 dies desprès del camp per conèixer alguna altra ciutat i fer turisme amb algun dels voluntaris que conegueu.</p>
<p><strong>Què t&#8217;emportes de l&#8217;experiència?</strong><br />
M&#8217;emporto una experiència inoblidable, tant pel caliu humà de la gent del camp i del poble com per tots els voluntaris d&#8217;arreu del món que vaig conèixer.<br />
</div>
</div>
