{"id":1991,"date":"2019-01-11T11:08:58","date_gmt":"2019-01-11T10:08:58","guid":{"rendered":"https:\/\/cocat-experiencies.c.wetopi.com\/experiencias\/wf253-2018-pure-nature-near-to-the-arctic-circle-islandia\/"},"modified":"2019-01-11T11:08:58","modified_gmt":"2019-01-11T10:08:58","slug":"wf253-2018-pure-nature-near-to-the-arctic-circle-islandia","status":"publish","type":"experiencias","link":"https:\/\/experiencies.cocat.org\/es\/experiencias\/wf253-2018-pure-nature-near-to-the-arctic-circle-islandia\/","title":{"rendered":"WF253\/ 2018\/ PURE NATURE NEAR TO THE ARCTIC CIRCLE \/Isl\u00e0ndia"},"content":{"rendered":"<p><a href=\"http:\/\/www.cocat.org\/wp-content\/uploads\/2019\/01\/me-myself-and-ice.jpg\"><img fetchpriority=\"high\" decoding=\"async\" class=\"aligncenter size-large wp-image-10578\" src=\"http:\/\/www.cocat.org\/wp-content\/uploads\/2019\/01\/me-myself-and-ice-1024x720.jpg\" alt=\"me, myself and ice\" width=\"1024\" height=\"720\" \/><\/a><\/p>\n<div class=\"vc_row_inner\"><div class=\"vc_column_inner width-1-4\"><div class=\"vc_column_text\"><\/div><strong>Entitat organitzadora<\/strong><\/p>\n<p><a href=\"http:\/\/www.wf.is\">WF Iceland<\/a><\/p>\n<p><strong>Localitat<\/strong><\/p>\n<p>Bakkafj\u00f6rdur\/Isl\u00e0ndia<\/p>\n<p><strong>L&#8217;experi\u00e8ncia en el camp\u00a0<\/strong><\/p>\n<p>Quan arribes a Isl\u00e0ndia, te n&#8217;adones que acabes d&#8217;aterrar en un veritable parad\u00eds pels amants de la natura com jo. El meu camp estava al nord-est i per aix\u00f2 ens van portar amb un mini bus a tots els voluntaris. El trajecte dura quasi tot un dia (porteu-vos menjar i aigua!) i parareu als principals llocs tur\u00edstics que heu de visitar si aneu a Isl\u00e0ndia, tant al nord com al sud. Un cop all\u00e0 la veritat \u00e9s que no ten\u00edem gaire feina. Hav\u00edem d&#8217;haver anat a un altre poble m\u00e9s gran i al final ens van portar a aquest sense cap av\u00eds. Vam estar allotjats a l&#8217;escola i la feina consistia en treure les herbes i pintar les tanques de l&#8217;escola i del c\u00e0mping. Era poca feina pels deu dies aix\u00ed que per les tardes ten\u00edem molt temps lliure. Pel que fa a les activitats, ens van portar una tarda a la piscina d&#8217;un altre poble,<\/p>\n<\/div>\n<div class=\"vc_column_inner width-1-4\">\n<p>&nbsp;<\/p>\n<p>un dia vam fer una excursi\u00f3 a Dettifoss i banyar-nos a Myvatn (125 euros) i alguna altra vam anar a fer \u00abhiking\u00bb pels voltants pel nostre compte. Per sort, la relaci\u00f3 amb el grup va ser bona i no vam tenir cap problema a l&#8217;hora de distribuir els torns per cuinar o fer neteja.<\/p>\n<p><strong>Com preparar-se el viatge<\/strong><\/p>\n<p>Porteu-vos sobretot roba d&#8217;abric!! No exagero si us dic que em vaig posar tots els dies unes quantes capes a sota de l&#8217;abric, guants, bufanda i gorro!<\/p>\n<p>Els bitllets compreu-los amb for\u00e7a antelaci\u00f3 perqu\u00e8 a m\u00e9s de que Isl\u00e0ndia ja \u00e9s car per s\u00ed mateixa, els bitllets d&#8217;avi\u00f3 tamb\u00e9 ho s\u00f3n.<\/p>\n<p><strong>Introducci\u00f3 a la cultura i la societat<\/strong><\/p>\n<p>Isl\u00e0ndia \u00e9s un pa\u00eds c\u00f2mode pel que fa a qualitat de vida, per\u00f2 la part on estava el camp estava for\u00e7a a\u00efllada de tot. El poble estava en una zona remota on no hi havia ni supermercat ni bar ni res per fer.<\/p>\n<\/div>\n<div class=\"vc_column_inner width-1-4\">\n<p>Al poble la gent vivia pr\u00e0cticament de la pesca, encara que actualment molta gent local va haver de marxar a Reykjav\u00edk per millorar les condicions de vida eren molt m\u00e9s dures que a la capital.<\/p>\n<p><strong>Com moure\u2019s<\/strong><\/p>\n<p>De Reykjav\u00edk al camp de treball i ens van portar en un mini bus i despr\u00e9s la tornada (180 euros).<\/p>\n<p><strong>Com comunicar-se<\/strong><\/p>\n<p>Tothom parla molt b\u00e9 l&#8217;angl\u00e8s a Isl\u00e0ndia.<\/p>\n<p><strong>Diners<\/strong><\/p>\n<p>Porteu corones islandeses en efectiu perqu\u00e8 el primer dia del camp haureu de pagar en efectiu la quota extra i el cost del mini bus.<\/p>\n<\/div>\n<div class=\"vc_column_inner width-1-4\">\n<p><strong>Alimentaci\u00f3<\/strong><\/p>\n<p>El menjar del camp el van portar des de Reykjav\u00edk perqu\u00e8 al nostre poble no hi havia cap supermercat i al poble del costat era molt m\u00e9s car. Vam fer equips per cuinar barrejant els que els hi agradava cuinar i els que no i la veritat \u00e9s que la idea va tenir \u00e8xit perqu\u00e8 vam menjar for\u00e7a b\u00e9.<\/p>\n<p>Els restaurants s\u00f3n molt cars aix\u00ed que \u00e9s millor comprar al supermercat, especialment al Bonus, i cuinar-s&#8217;ho un mateix.<\/p>\n<p><strong>Viatjar abans o despr\u00e8s del camp<\/strong><\/p>\n<p>Jo vaig arribar dos dies abans de que comenc\u00e9s el camp i vaig anar a fer alguna ruta a prop de Reykjavik. Quan vam tornar, vaig fer excursions t\u00edpiques com al Golden circle o Snaefellsnes.<\/p>\n<p><strong>Altres consells<\/strong><\/p>\n<p>Aneu preparats per fer \u00abhiking\u00bb, porteu roba d&#8217;abric i moltes ganes de descobrir la meravellosa natura d&#8217;aquest pa\u00eds \u00fanic!<\/p>\n<p>&nbsp;<\/p>\n<p>&nbsp;<\/p>\n<p>&nbsp;<\/p>\n<\/div>\n<\/div>\n","protected":false},"featured_media":1992,"template":"","categoria-experiencia":[37,164],"class_list":["post-1991","experiencias","type-experiencias","status-publish","has-post-thumbnail","hentry","categoria-experiencia-corta-duracion","categoria-experiencia-islandia-es"],"_links":{"self":[{"href":"https:\/\/experiencies.cocat.org\/es\/wp-json\/wp\/v2\/experiencias\/1991","targetHints":{"allow":["GET"]}}],"collection":[{"href":"https:\/\/experiencies.cocat.org\/es\/wp-json\/wp\/v2\/experiencias"}],"about":[{"href":"https:\/\/experiencies.cocat.org\/es\/wp-json\/wp\/v2\/types\/experiencias"}],"wp:featuredmedia":[{"embeddable":true,"href":"https:\/\/experiencies.cocat.org\/es\/wp-json\/wp\/v2\/media\/1992"}],"wp:attachment":[{"href":"https:\/\/experiencies.cocat.org\/es\/wp-json\/wp\/v2\/media?parent=1991"}],"wp:term":[{"taxonomy":"categoria-experiencia","embeddable":true,"href":"https:\/\/experiencies.cocat.org\/es\/wp-json\/wp\/v2\/categoria-experiencia?post=1991"}],"curies":[{"name":"wp","href":"https:\/\/api.w.org\/{rel}","templated":true}]}}

WF253/ 2018/ PURE NATURE NEAR TO THE ARCTIC CIRCLE /Islàndia

<p><a href="http://www.cocat.org/wp-content/uploads/2019/01/me-myself-and-ice.jpg"><img fetchpriority="high" decoding="async" class="aligncenter size-large wp-image-10578" src="http://www.cocat.org/wp-content/uploads/2019/01/me-myself-and-ice-1024x720.jpg" alt="me, myself and ice" width="1024" height="720" /></a></p>
<div class="vc_row_inner"><div class="vc_column_inner width-1-4"><div class="vc_column_text"></div><strong>Entitat organitzadora</strong></p>
<p><a href="http://www.wf.is">WF Iceland</a></p>
<p><strong>Localitat</strong></p>
<p>Bakkafjördur/Islàndia</p>
<p><strong>L&#8217;experiència en el camp </strong></p>
<p>Quan arribes a Islàndia, te n&#8217;adones que acabes d&#8217;aterrar en un veritable paradís pels amants de la natura com jo. El meu camp estava al nord-est i per això ens van portar amb un mini bus a tots els voluntaris. El trajecte dura quasi tot un dia (porteu-vos menjar i aigua!) i parareu als principals llocs turístics que heu de visitar si aneu a Islàndia, tant al nord com al sud. Un cop allà la veritat és que no teníem gaire feina. Havíem d&#8217;haver anat a un altre poble més gran i al final ens van portar a aquest sense cap avís. Vam estar allotjats a l&#8217;escola i la feina consistia en treure les herbes i pintar les tanques de l&#8217;escola i del càmping. Era poca feina pels deu dies així que per les tardes teníem molt temps lliure. Pel que fa a les activitats, ens van portar una tarda a la piscina d&#8217;un altre poble,</p>
</div>
<div class="vc_column_inner width-1-4">
<p>&nbsp;</p>
<p>un dia vam fer una excursió a Dettifoss i banyar-nos a Myvatn (125 euros) i alguna altra vam anar a fer «hiking» pels voltants pel nostre compte. Per sort, la relació amb el grup va ser bona i no vam tenir cap problema a l&#8217;hora de distribuir els torns per cuinar o fer neteja.</p>
<p><strong>Com preparar-se el viatge</strong></p>
<p>Porteu-vos sobretot roba d&#8217;abric!! No exagero si us dic que em vaig posar tots els dies unes quantes capes a sota de l&#8217;abric, guants, bufanda i gorro!</p>
<p>Els bitllets compreu-los amb força antelació perquè a més de que Islàndia ja és car per sí mateixa, els bitllets d&#8217;avió també ho són.</p>
<p><strong>Introducció a la cultura i la societat</strong></p>
<p>Islàndia és un país còmode pel que fa a qualitat de vida, però la part on estava el camp estava força aïllada de tot. El poble estava en una zona remota on no hi havia ni supermercat ni bar ni res per fer.</p>
</div>
<div class="vc_column_inner width-1-4">
<p>Al poble la gent vivia pràcticament de la pesca, encara que actualment molta gent local va haver de marxar a Reykjavík per millorar les condicions de vida eren molt més dures que a la capital.</p>
<p><strong>Com moure’s</strong></p>
<p>De Reykjavík al camp de treball i ens van portar en un mini bus i després la tornada (180 euros).</p>
<p><strong>Com comunicar-se</strong></p>
<p>Tothom parla molt bé l&#8217;anglès a Islàndia.</p>
<p><strong>Diners</strong></p>
<p>Porteu corones islandeses en efectiu perquè el primer dia del camp haureu de pagar en efectiu la quota extra i el cost del mini bus.</p>
</div>
<div class="vc_column_inner width-1-4">
<p><strong>Alimentació</strong></p>
<p>El menjar del camp el van portar des de Reykjavík perquè al nostre poble no hi havia cap supermercat i al poble del costat era molt més car. Vam fer equips per cuinar barrejant els que els hi agradava cuinar i els que no i la veritat és que la idea va tenir èxit perquè vam menjar força bé.</p>
<p>Els restaurants són molt cars així que és millor comprar al supermercat, especialment al Bonus, i cuinar-s&#8217;ho un mateix.</p>
<p><strong>Viatjar abans o desprès del camp</strong></p>
<p>Jo vaig arribar dos dies abans de que comencés el camp i vaig anar a fer alguna ruta a prop de Reykjavik. Quan vam tornar, vaig fer excursions típiques com al Golden circle o Snaefellsnes.</p>
<p><strong>Altres consells</strong></p>
<p>Aneu preparats per fer «hiking», porteu roba d&#8217;abric i moltes ganes de descobrir la meravellosa natura d&#8217;aquest país únic!</p>
<p>&nbsp;</p>
<p>&nbsp;</p>
<p>&nbsp;</p>
</div>
</div>
