{"id":2011,"date":"2019-01-11T10:10:20","date_gmt":"2019-01-11T09:10:20","guid":{"rendered":"https:\/\/cocat-experiencies.c.wetopi.com\/experiencias\/sda-202-grabstejn-castle-i-2018-republica-txeca\/"},"modified":"2019-01-11T10:10:20","modified_gmt":"2019-01-11T09:10:20","slug":"sda-202-grabstejn-castle-i-2018-republica-txeca","status":"publish","type":"experiencias","link":"https:\/\/experiencies.cocat.org\/es\/experiencias\/sda-202-grabstejn-castle-i-2018-republica-txeca\/","title":{"rendered":"SDA 202 GRABSTEJN CASTLE I\/2018\/Rep\u00fablica Txeca"},"content":{"rendered":"<p><a href=\"http:\/\/www.cocat.org\/wp-content\/uploads\/2019\/01\/Carla-Montoya-_voluntariat_2018.jpg\"><img fetchpriority=\"high\" decoding=\"async\" class=\"aligncenter size-large wp-image-10524\" src=\"http:\/\/www.cocat.org\/wp-content\/uploads\/2019\/01\/Carla-Montoya-_voluntariat_2018-1024x614.jpg\" alt=\"Carla Montoya _voluntariat_2018\" width=\"1024\" height=\"614\" \/><\/a><\/p>\n<div class=\"vc_row_inner\"><div class=\"vc_column_inner width-1-4\"><div class=\"vc_column_text\"><\/div><strong>Entitat organitzadora<\/strong><\/p>\n<p><a href=\"http:\/\/www.inexsda.cz\/\">Inex<\/a><\/p>\n<p><strong>Localitat:<\/strong><\/p>\n<p>Chotyn\u011b, Rep\u00fablica Txeca<\/p>\n<p><strong>Experi\u00e8ncia al camp<\/strong><\/p>\n<p>L&#8217;organitzaci\u00f3 va ser molt bona, aclaridora. El camp \u00e9s jardineria m\u00e9s que una altra cosa, a mi m&#8217;encanta, aix\u00ed que no vaig tenir problema, per\u00f2 si vas pensant que netejar\u00e0s quadres antics vas equivocat. Arrencar males herbes, netejar la pols, etc. Igualment, el recomano, \u00e9s un lloc tranquil i molt maco. A l&#8217;hora de treballar, el pla era 6h\/dia, per\u00f2 pod\u00edem canviar-ho com volgu\u00e9ssim per tal de guanyar hores i, aix\u00ed, un dia m\u00e9s de descans. En total vam fer el cap de setmana, el dissabte abans d&#8217;anar-nos-en i un divendres m\u00e9s. I els vam aprofitar tots! No em puc pas queixar: vam visitar un munt de llocs propers i interessants (Hrad nad Nisou, Zittau, Liberec, la frontera dels 3 pa\u00efsos&#8230;)<\/p>\n<p><strong>Com preparar-se el viatge?<\/strong><\/p>\n<p>\u00c9s un pa\u00eds de la UE, aix\u00ed que amb el DNI i la Tarjeta Sanit\u00e0ria Europea vas b\u00e9. Recomano anar a Praga, perqu\u00e8 a l&#8217;infosheet t&#8217;expliquen de forma molt clara com arribar al poble des de la capital. Tanmateix, no hi ha problema si vas a un altre lloc, perqu\u00e8 t&#8217;explicaran com anar-hi des d&#8217;on siguis.<\/p>\n<\/div>\n<div class=\"vc_column_inner width-1-4\">\n<p>Quant a qu\u00e8 portar i que sigui indispensable, botes de camp!! Treballar\u00e0s o a un lloc pla o a una pendent molt pronunciada, per\u00f2 a ambd\u00f3s llocs necessitar\u00e0s un bon cal\u00e7at perqu\u00e8 es pot arribar a fer malb\u00e9. Tamb\u00e9 recomano ulleres de sol i un impermeable, perqu\u00e8 b\u00e9 pot fer molt de sol, b\u00e9 pot ploure a bots i barrals.<\/p>\n<p><strong>Introducci\u00f3 a la cultura:<\/strong><\/p>\n<p>Dinen i sopen molt d&#8217;hora, com a Anglaterra, Fran\u00e7a i Alemanya. Cap all\u00e0 les 12-12:30 pel dinar i 6-7 pel sopar. I les 7 ja era tard. Pensava que em quedaria amb gana, per\u00f2 la veritat \u00e9s que no va estar tan malament!<\/p>\n<p><strong>Com comunicar-se:<\/strong><\/p>\n<p>Per proximitat i la universitat, apart de txec els nadius solen parlar alemany tamb\u00e9. L&#8217;angl\u00e8s entre el jovent s\u00ed que t\u00e9 pes, per\u00f2 no amb els m\u00e9s grans. Tot i aix\u00ed, no \u00e9s problema, sempre es pot fer senyals o directament un traductor d&#8217;internet!<\/p>\n<p><strong>Com moure\u2019s<\/strong><\/p>\n<p>A Praga el transport p\u00fablic \u00e9s molt barat i senzill d&#8217;usar. Tenen un web informatiu amb totes les l\u00ednies de tots els transports que hi ha, molt ben explicat. Fan servir, i no sols a Praga, sin\u00f3 a altres ciutats, com Liberec, el tram m\u00e9s que una altra cosa. \u00c9s el millor perqu\u00e8 no camines i pots veure la ciutat mentrestant.<\/p>\n<\/div>\n<div class=\"vc_column_inner width-1-4\">\n<p>&nbsp;<\/p>\n<p>Al castell, per\u00f2, \u00e9s caminant (Hrad nad Nisou est\u00e0 a 20min a peu) i amb tren, perqu\u00e8 est\u00e0 perdut a una muntanya, i \u00e9s molt petit. Per\u00f2 \u00e9s f\u00e0cil d&#8217;utilitzar i no t\u00e9 p\u00e8rdua.<\/p>\n<p><strong>Diners:<\/strong><\/p>\n<p>Fan servir corones, tot i que al tren que has d&#8217;agafar per anar a Chotyn\u011b accepta euros perqu\u00e8 arriba fins Alemanya. A m\u00e9s, la moneda \u00e9s molt barata (1 euro = 26~ Kc) i Tx\u00e8quia en si \u00e9s barata.Com a exemple puc afirmar que vaig comprar 8 postals per 30cent (8Kc), vaig entrar a museus per menys de 5\u20ac i vam menjar de forma contundent i de qualitat per 159 Kc (6,20\u20ac)<\/p>\n<p><strong>Alimentaci\u00f3<\/strong><\/p>\n<p>El plat que m\u00e9s us trobareu s\u00f3n els knedl\u00edky (dumplings), que s\u00f3n com pa tou i dol\u00e7 acompanyant carn i salsa, molt bo. Tamb\u00e9 els brambor\u00e1k (potato pancakes)! Al camp va estar molt b\u00e9 perqu\u00e8 ens vam organitzar en parelles i quasi cada dia es feia un dinar i un sopar t\u00edpic dels pa\u00efsos que tocaven. Per exemple, jo vaig anar amb un noi belga, i vam cuinar plats d&#8217;all\u00e0 i d&#8217;aqu\u00ed, per\u00f2 tamb\u00e9 vam fer pasta un dia. Hi havia problemes amb l&#8217;escassedat del menjar, per\u00f2 entre la campleader i tots nosaltres ens ho vam organitzar i vam tenir suficient menjar tots els dies.<\/p>\n<\/div>\n<div class=\"vc_column_inner width-1-4\">\n<p><strong>Viatjar abans o despr\u00e9s del camp<\/strong><\/p>\n<p>Jo vaig viatjar abans del camp i em vaig quedar una tarda a Praga despr\u00e9s per veure la Casa Dansant perqu\u00e8 el meu avi\u00f3 sortia de nit. Era el primer cop que feia aquest tipus de viatge, aix\u00ed que nom\u00e9s em vaig agafar dos dies davant, per\u00f2 hagu\u00e9s estat millor uns quants m\u00e9s perqu\u00e8 no vaig poder veure gran cosa de la capital.<\/p>\n<p>Els dos dies d&#8217;abans vaig anar al castell, la pla\u00e7a i el pont de Carles, el mur de Lennon, el museu de Kafka i el parc Letna. Sembla bastant, per\u00f2 no ho \u00e9s, i vaig anar molt atabalada. Agafa m\u00ednim tres o quatre dies, que si no acabar\u00e0s fatal!<\/p>\n<p><strong>Altres consells<\/strong><\/p>\n<p>La clau rau en treballar com a equip i si el teu campleader \u00e9s molt bo, com vaig tenir jo la sort, no el deixis sol, perqu\u00e8 al cap i a la fi \u00e9s un voluntari com tu i, en definitiva, una persona. Evidentment, ell ser\u00e0 qui hagi d&#8217;organitzar les coses, per\u00f2 si tractes de donar idees o sugger\u00e8ncies tot anir\u00e0 molt millor!<\/p>\n<p>&nbsp;<\/p>\n<\/div>\n<\/div>\n","protected":false},"featured_media":2012,"template":"","categoria-experiencia":[37,182],"class_list":["post-2011","experiencias","type-experiencias","status-publish","has-post-thumbnail","hentry","categoria-experiencia-corta-duracion","categoria-experiencia-republica-checa-es"],"_links":{"self":[{"href":"https:\/\/experiencies.cocat.org\/es\/wp-json\/wp\/v2\/experiencias\/2011","targetHints":{"allow":["GET"]}}],"collection":[{"href":"https:\/\/experiencies.cocat.org\/es\/wp-json\/wp\/v2\/experiencias"}],"about":[{"href":"https:\/\/experiencies.cocat.org\/es\/wp-json\/wp\/v2\/types\/experiencias"}],"wp:featuredmedia":[{"embeddable":true,"href":"https:\/\/experiencies.cocat.org\/es\/wp-json\/wp\/v2\/media\/2012"}],"wp:attachment":[{"href":"https:\/\/experiencies.cocat.org\/es\/wp-json\/wp\/v2\/media?parent=2011"}],"wp:term":[{"taxonomy":"categoria-experiencia","embeddable":true,"href":"https:\/\/experiencies.cocat.org\/es\/wp-json\/wp\/v2\/categoria-experiencia?post=2011"}],"curies":[{"name":"wp","href":"https:\/\/api.w.org\/{rel}","templated":true}]}}

SDA 202 GRABSTEJN CASTLE I/2018/República Txeca

<p><a href="http://www.cocat.org/wp-content/uploads/2019/01/Carla-Montoya-_voluntariat_2018.jpg"><img fetchpriority="high" decoding="async" class="aligncenter size-large wp-image-10524" src="http://www.cocat.org/wp-content/uploads/2019/01/Carla-Montoya-_voluntariat_2018-1024x614.jpg" alt="Carla Montoya _voluntariat_2018" width="1024" height="614" /></a></p>
<div class="vc_row_inner"><div class="vc_column_inner width-1-4"><div class="vc_column_text"></div><strong>Entitat organitzadora</strong></p>
<p><a href="http://www.inexsda.cz/">Inex</a></p>
<p><strong>Localitat:</strong></p>
<p>Chotyně, República Txeca</p>
<p><strong>Experiència al camp</strong></p>
<p>L&#8217;organització va ser molt bona, aclaridora. El camp és jardineria més que una altra cosa, a mi m&#8217;encanta, així que no vaig tenir problema, però si vas pensant que netejaràs quadres antics vas equivocat. Arrencar males herbes, netejar la pols, etc. Igualment, el recomano, és un lloc tranquil i molt maco. A l&#8217;hora de treballar, el pla era 6h/dia, però podíem canviar-ho com volguéssim per tal de guanyar hores i, així, un dia més de descans. En total vam fer el cap de setmana, el dissabte abans d&#8217;anar-nos-en i un divendres més. I els vam aprofitar tots! No em puc pas queixar: vam visitar un munt de llocs propers i interessants (Hrad nad Nisou, Zittau, Liberec, la frontera dels 3 països&#8230;)</p>
<p><strong>Com preparar-se el viatge?</strong></p>
<p>És un país de la UE, així que amb el DNI i la Tarjeta Sanitària Europea vas bé. Recomano anar a Praga, perquè a l&#8217;infosheet t&#8217;expliquen de forma molt clara com arribar al poble des de la capital. Tanmateix, no hi ha problema si vas a un altre lloc, perquè t&#8217;explicaran com anar-hi des d&#8217;on siguis.</p>
</div>
<div class="vc_column_inner width-1-4">
<p>Quant a què portar i que sigui indispensable, botes de camp!! Treballaràs o a un lloc pla o a una pendent molt pronunciada, però a ambdós llocs necessitaràs un bon calçat perquè es pot arribar a fer malbé. També recomano ulleres de sol i un impermeable, perquè bé pot fer molt de sol, bé pot ploure a bots i barrals.</p>
<p><strong>Introducció a la cultura:</strong></p>
<p>Dinen i sopen molt d&#8217;hora, com a Anglaterra, França i Alemanya. Cap allà les 12-12:30 pel dinar i 6-7 pel sopar. I les 7 ja era tard. Pensava que em quedaria amb gana, però la veritat és que no va estar tan malament!</p>
<p><strong>Com comunicar-se:</strong></p>
<p>Per proximitat i la universitat, apart de txec els nadius solen parlar alemany també. L&#8217;anglès entre el jovent sí que té pes, però no amb els més grans. Tot i així, no és problema, sempre es pot fer senyals o directament un traductor d&#8217;internet!</p>
<p><strong>Com moure’s</strong></p>
<p>A Praga el transport públic és molt barat i senzill d&#8217;usar. Tenen un web informatiu amb totes les línies de tots els transports que hi ha, molt ben explicat. Fan servir, i no sols a Praga, sinó a altres ciutats, com Liberec, el tram més que una altra cosa. És el millor perquè no camines i pots veure la ciutat mentrestant.</p>
</div>
<div class="vc_column_inner width-1-4">
<p>&nbsp;</p>
<p>Al castell, però, és caminant (Hrad nad Nisou està a 20min a peu) i amb tren, perquè està perdut a una muntanya, i és molt petit. Però és fàcil d&#8217;utilitzar i no té pèrdua.</p>
<p><strong>Diners:</strong></p>
<p>Fan servir corones, tot i que al tren que has d&#8217;agafar per anar a Chotyně accepta euros perquè arriba fins Alemanya. A més, la moneda és molt barata (1 euro = 26~ Kc) i Txèquia en si és barata.Com a exemple puc afirmar que vaig comprar 8 postals per 30cent (8Kc), vaig entrar a museus per menys de 5€ i vam menjar de forma contundent i de qualitat per 159 Kc (6,20€)</p>
<p><strong>Alimentació</strong></p>
<p>El plat que més us trobareu són els knedlíky (dumplings), que són com pa tou i dolç acompanyant carn i salsa, molt bo. També els bramborák (potato pancakes)! Al camp va estar molt bé perquè ens vam organitzar en parelles i quasi cada dia es feia un dinar i un sopar típic dels països que tocaven. Per exemple, jo vaig anar amb un noi belga, i vam cuinar plats d&#8217;allà i d&#8217;aquí, però també vam fer pasta un dia. Hi havia problemes amb l&#8217;escassedat del menjar, però entre la campleader i tots nosaltres ens ho vam organitzar i vam tenir suficient menjar tots els dies.</p>
</div>
<div class="vc_column_inner width-1-4">
<p><strong>Viatjar abans o després del camp</strong></p>
<p>Jo vaig viatjar abans del camp i em vaig quedar una tarda a Praga després per veure la Casa Dansant perquè el meu avió sortia de nit. Era el primer cop que feia aquest tipus de viatge, així que només em vaig agafar dos dies davant, però hagués estat millor uns quants més perquè no vaig poder veure gran cosa de la capital.</p>
<p>Els dos dies d&#8217;abans vaig anar al castell, la plaça i el pont de Carles, el mur de Lennon, el museu de Kafka i el parc Letna. Sembla bastant, però no ho és, i vaig anar molt atabalada. Agafa mínim tres o quatre dies, que si no acabaràs fatal!</p>
<p><strong>Altres consells</strong></p>
<p>La clau rau en treballar com a equip i si el teu campleader és molt bo, com vaig tenir jo la sort, no el deixis sol, perquè al cap i a la fi és un voluntari com tu i, en definitiva, una persona. Evidentment, ell serà qui hagi d&#8217;organitzar les coses, però si tractes de donar idees o suggerències tot anirà molt millor!</p>
<p>&nbsp;</p>
</div>
</div>
