{"id":2344,"date":"2017-09-07T12:13:10","date_gmt":"2017-09-07T10:13:10","guid":{"rendered":"https:\/\/cocat-experiencies.c.wetopi.com\/experiencias\/icja06-datteln-2017-alemanya\/"},"modified":"2017-09-07T12:13:10","modified_gmt":"2017-09-07T10:13:10","slug":"icja06-datteln-2017-alemanya","status":"publish","type":"experiencias","link":"https:\/\/experiencies.cocat.org\/es\/experiencias\/icja06-datteln-2017-alemanya\/","title":{"rendered":"ICJA06 \/ Datteln \/ 2017 &#8211; Alemanya"},"content":{"rendered":"<p>&nbsp;<\/p>\n<p><a href=\"http:\/\/www.cocat.org\/wp-content\/uploads\/2017\/09\/Voluntariat.jpg\"><img fetchpriority=\"high\" decoding=\"async\" class=\"alignleft size-large wp-image-9208\" src=\"http:\/\/www.cocat.org\/wp-content\/uploads\/2017\/09\/Voluntariat-1024x576.jpg\" alt=\"Voluntariat\" width=\"1024\" height=\"576\" \/><\/a><\/p>\n<div class=\"vc_row_inner\"><div class=\"vc_column_inner width-1-4\"><div class=\"vc_column_text\"><\/div><strong>Entitat organitzadora<\/strong><\/p>\n<p><a href=\"https:\/\/www.icja.de\/content\/Workcamps\/Allgemeine-Informationen\/Was-sind-Workcamps\/\">ICJA<\/a><\/p>\n<p><strong>Localitat<\/strong><\/p>\n<p>Datteln.<\/p>\n<p><strong>L\u2019experi\u00e8ncia en el camp<\/strong><\/p>\n<p>La meva experi\u00e8ncia a Datteln va ser genial! Els monitors eren voluntaris que ja feia bastants mesos que vivien a Alemanya, per tant parlaven for\u00e7a b\u00e9 l&#8217;idioma i coneixien la zona. Eren molt simp\u00e0tics i propers i van ser dos companys m\u00e9s del grup. Hi havia nacionalitats molt diferents i em va encantar! Els monitors tenien algunes activitats pensades per\u00f2 entre tots vam fer el nostre horari.<\/p>\n<p>Crec que mai havia estat a una casa tan completa. El lloc on dorm\u00edem era la planta baixa d&#8217;un edifici que pertanyia a l&#8217;esgl\u00e8sia Luterana. La casa tenia cuina, menjador, futbol\u00edn, billar, projector, jad\u00ed, grill&#8230; Aix\u00ed que algunes de les activitats per passar l&#8217;estona van ser jugar a cartes, fer BBQ, karaoke, nits de cinema&#8230; Les dutxes eren a un altre edifici a 5 minuts caminant i tenien els seus horaris. El pastor de l&#8217;esgl\u00e8sia Luterana era la persona que portava el voluntariat i ens va fer sentir com a casa. Ens va presentar a la gent del poble, gr\u00e0cies a ell vam con\u00e8ixer l&#8217;alcalde que ens va rebre a l&#8217;ajuntament per explicar-nos la hist\u00f2ria de Datteln, vam sortir al diari local del poble, ens va ensenyar una de les principals f\u00e0briques d&#8217;all\u00e0, ens va fer una visita guiada per Datteln, etc. No crec que poguessim estar m\u00e9s ben atesos.<\/p>\n<p>Durant la primera setmana la nostra tasca era seguir un projecte art\u00edstic que tenien en una sala de l&#8217;esgl\u00e8sia en motiu de la pau i la reconcialici\u00f3 despr\u00e9s de la 2a Guerra Mundial. Quan vam acabar, cadasc\u00fa va ensenyar la seva obra i la va donar a con\u00e8ixer a la comunitat. La segona setmana vam anar a l&#8217;escola bressol del poble i b\u00e0sicament hav\u00edem de fer treball de jardineria: treure les males herbes, remoure la terra per construir una valla, i netejar una zona plena d&#8217;arbustos perqu\u00e8 els infants hi poguessin jugar. Com que va ploure vam tenir bastanta estona per con\u00e8ixer els nens i jugar amb ells, sempre t&#8217;acabes entenent. Les mestres ens van rebre amb els bra\u00e7os oberts.<\/p>\n<\/div>\n<div class=\"vc_column_inner width-1-4\">Els caps de setmana els ten\u00edem lliure i vam apofitar per visitar un dels museus miners m\u00e9s grans del m\u00f3n a Boccum, Dortmund, Essen, M\u00fcnchen&#8230; Durant les estones lliures els dies de cada dia pod\u00edem agafar les bicicletes per fer excursions, ten\u00edem la piscina del poble gratu\u00efta (on vam jugar incansables partides de vollei)&#8230; Vam gaudir de bon temps i de molt bona companyia.<\/p>\n<p><strong>Com preparar-se el viatge<\/strong><\/p>\n<p>Aix\u00ed que em van confirmar el camp de treball vaig comprar el bitllet d&#8217;avi\u00f3 d&#8217;anada i tornada. A la maleta hi vaig posar una mica de tot per\u00f2 el temps va ser bo, era finals de juliol i la primera setmana ens va fer molt bon temps (tirants i shorts) i la segona va ploure i feia m\u00e9s n\u00favol. Crec que el millor \u00e9s portar-se la teva roba de sempre amb coses \u00abper si de cas\u00bb com uns pantalons llargs, una jaqueta fina i un impermeable. Banyador perqu\u00e8 vam anar a la piscina. Bambes c\u00f2modes per\u00f2 tamb\u00e9 sand\u00e0lies, una motxilla o bolso petit per fer excursions&#8230; I sobretot el sac de dormir! All\u00e0 tamb\u00e9 ens van donar mantes perqu\u00e8 per la nit feia fresca.<\/p>\n<p><strong>Introducci\u00f3 a la cultura i la societat<\/strong><\/p>\n<p>En ser una cultura occidental no \u00e9s molt diferent a la nostra, s\u00f3n molt respectuosos i agraeixen molt si intentes comunicar-te en el seu idioma. S\u00f3n persones molt netes, els carrers estan impecables i \u00e9s una zona que captiva pels seus paisatges verds.<\/p>\n<p><strong>Com moure\u2019s<\/strong><\/p>\n<p>Jo vaig anar amb avi\u00f3 fins a l&#8217;aeroport de D\u00fcsseldorf i all\u00e0 havia d&#8217;agafar un tren fins a Castrop-Rauxel on en vindrien a buscar en cotxe per anar a Datteln, per\u00f2 la veritat \u00e9s que Alemanya en el tema de transports \u00e9s un caos, est\u00e0 mal indicat i falta senyalitzaci\u00f3. A les estacions de tren posa les direcccions per\u00f2 en cap lloc surt que X tren vagi d&#8217;aqu\u00ed a all\u00e0 i que pel mig faci X parades. Em va estranyar molt\u00edssim que a l&#8217;estaci\u00f3 de D\u00fcsseldorf (una de les principals) no hi hagu\u00e9s absolutament ning\u00fa a qui preguntar, em vaig trobar a un revisor de casualitat i ni ell sabia de quina andana sortia el tren que necessitava. Despr\u00e9s resulta que el tren que vaig agafar justament aquell dia no parava a la meva parada per obres&#8230; Per sort em vaig trobar un noi de Catalunya que em va indicar quin bus havia d&#8217;agafar per anar a Castrop. Per arribar al meeting point tothom es va perdre, va ser molt diertit despr\u00e9s quan ho record\u00e0vem. Si tens intenci\u00f3 de quedar-te viatjant per Alemanya, et recomano baixar-te l&#8217;aplicaci\u00f3 DB Navigation, all\u00e0 est\u00e0 el que necessites.<\/p>\n<p>El transport que despr\u00e9s vam utilitzar van ser les bicicletes que ten\u00edem a la casa, el cotxe\/furgoneta de 9 places i tren i bus quan vam fer visites i turisme.<\/p>\n<\/div>\n<div class=\"vc_column_inner width-1-4\"><strong>Com comunicar-se<\/strong><\/p>\n<p>L&#8217;idioma vehicular per comunicar-se al camp de treball \u00e9s l&#8217;angl\u00e8s. Encara que vaig anar amb dubtes de no ser capa\u00e7 de comunicar-me totalment en angl\u00e8s, all\u00e0 em vaig adonar que tots\/es ten\u00edem un nivell bastant semblant i que el llenguatge de signes \u00e9s universal i molt \u00fatil! La gent del poble no parlava gaire angl\u00e8s per\u00f2 ens vam fer entendre perfectament gr\u00e0cies als monitors que sabien una mica d&#8217;alemay. A part d&#8217;aix\u00f2, el camp de treball \u00e9s una oportunitat excel\u00b7lent per aprendre altres idiomes! No us podeu imaginar la de paraules que vaig aprendre en alemany del dia a dia d&#8217;all\u00e0.<\/p>\n<p><strong>Diners<\/strong><\/p>\n<p>Alemanya t\u00e9 un cost de vida una mica m\u00e9s alt que aqu\u00ed. Per sort, al costat de casa nostra ten\u00edem un supermercat per comprar el que necessitessim a bon preu. El que destacaria m\u00e9s \u00e9s el transport (trens\/busos). A vegades resultava m\u00e9s barat fer trajectes llargs que curts. El que recomanaria \u00e9s treure&#8217;s un bitllet compartit de 5 persones, el qual t\u00e9 viatges il\u00b7limitats durant tot el dia, us asseguro que els vam amortitzar molt\u00edssim!!! Respecte els diners a portar durant el camp de treball, crec que est\u00e0 b\u00e9 emportar-se uns quants per si de cas per\u00f2 l&#8217;organitzaci\u00f3 t&#8217;ho paga tot all\u00e0. En el meu cas, menjar i begudes estaven incloses, fins i tot per fer el sopar del teu pa\u00eds ens van donar diners per comprar-lo. L&#8217;\u00fanic que vam pagar era si an\u00e0vem a menjar un gelat o prendre alguna cosa fora i alguns transports quan els monitors es van quedar sense pressupost. Recomano anar tamb\u00e9 amb targeta banc\u00e0ria per si un cop all\u00e0 decidiu viatjar a algun lloc despr\u00e9s del camp, per poder reservar trens i albergs.<\/p>\n<\/div>\n<div class=\"vc_column_inner width-1-4\"><strong>Alimentaci\u00f3<\/strong><\/p>\n<p>El menjar va estar molt b\u00e9, cada dia dues persones cuinaven per\u00f2 de seguida hi havia alg\u00fa m\u00e9s que s&#8217;oferia a ajudar-te, sobretot els monitors. Sobretot menjar\u00e0s kartofen, kartofen i kartofen i carn en general. Si ets vegetari\u00e0 no dubtis en dir-ho el primer dia, no t&#8217;hi posaran cap inconvenient. Cada nit cuinava un pa\u00eds diferent i vaig tastar menjars deliciosos. Preparat perqu\u00e8 et tocar\u00e0 cuinar un plat d&#8217;aqu\u00ed aix\u00ed que si et vols portar de casa algun ingredient far\u00e0s molt b\u00e9! Petita recomanaci\u00f3: a Alemanya sembla que nom\u00e9s existeixi sparkling water, aix\u00ed que si vols aigua sense gas assegurat de dir \u00abaigua sense gas\u00bb. A Alemanya es pot veure aigua de l&#8217;aixeta sense cap problema per\u00f2 als restaurants l&#8217;aigua la cobren for\u00e7a cara degut als impostos que paguen.<\/p>\n<p><strong>Viatjar abans o despr\u00e8s del camp<\/strong><\/p>\n<p>Jo recomanaria viatjar despr\u00e9s perqu\u00e8 aix\u00ed has tingut un temps per introdu\u00efr-te a la seva cultura, saps com funcionen els transports i recon\u00e8ixes paraules del seu idioma. En el meu cas, ens vam ajuntar un grupet per anar a visitar K\u00f6ln (Col\u00f2nia) i D\u00fcsseldorf. Altres companyes anaven a Amsterdam, d&#8217;altres ja tenien el viatge programat amb altre gent per Europa, etc.<\/p>\n<p><strong>Altres consells<\/strong><\/p>\n<p>Veniu amb un somriure que en sortireu amb un de m\u00e9s gran.<\/p>\n<\/div>\n<p>&nbsp;<\/p>\n<p style=\"text-align: left\"><\/div>\n","protected":false},"featured_media":2345,"template":"","categoria-experiencia":[140,37],"class_list":["post-2344","experiencias","type-experiencias","status-publish","has-post-thumbnail","hentry","categoria-experiencia-alemania-es","categoria-experiencia-corta-duracion"],"_links":{"self":[{"href":"https:\/\/experiencies.cocat.org\/es\/wp-json\/wp\/v2\/experiencias\/2344","targetHints":{"allow":["GET"]}}],"collection":[{"href":"https:\/\/experiencies.cocat.org\/es\/wp-json\/wp\/v2\/experiencias"}],"about":[{"href":"https:\/\/experiencies.cocat.org\/es\/wp-json\/wp\/v2\/types\/experiencias"}],"wp:featuredmedia":[{"embeddable":true,"href":"https:\/\/experiencies.cocat.org\/es\/wp-json\/wp\/v2\/media\/2345"}],"wp:attachment":[{"href":"https:\/\/experiencies.cocat.org\/es\/wp-json\/wp\/v2\/media?parent=2344"}],"wp:term":[{"taxonomy":"categoria-experiencia","embeddable":true,"href":"https:\/\/experiencies.cocat.org\/es\/wp-json\/wp\/v2\/categoria-experiencia?post=2344"}],"curies":[{"name":"wp","href":"https:\/\/api.w.org\/{rel}","templated":true}]}}

<p>&nbsp;</p>
<p><a href="http://www.cocat.org/wp-content/uploads/2017/09/Voluntariat.jpg"><img fetchpriority="high" decoding="async" class="alignleft size-large wp-image-9208" src="http://www.cocat.org/wp-content/uploads/2017/09/Voluntariat-1024x576.jpg" alt="Voluntariat" width="1024" height="576" /></a></p>
<div class="vc_row_inner"><div class="vc_column_inner width-1-4"><div class="vc_column_text"></div><strong>Entitat organitzadora</strong></p>
<p><a href="https://www.icja.de/content/Workcamps/Allgemeine-Informationen/Was-sind-Workcamps/">ICJA</a></p>
<p><strong>Localitat</strong></p>
<p>Datteln.</p>
<p><strong>L’experiència en el camp</strong></p>
<p>La meva experiència a Datteln va ser genial! Els monitors eren voluntaris que ja feia bastants mesos que vivien a Alemanya, per tant parlaven força bé l&#8217;idioma i coneixien la zona. Eren molt simpàtics i propers i van ser dos companys més del grup. Hi havia nacionalitats molt diferents i em va encantar! Els monitors tenien algunes activitats pensades però entre tots vam fer el nostre horari.</p>
<p>Crec que mai havia estat a una casa tan completa. El lloc on dormíem era la planta baixa d&#8217;un edifici que pertanyia a l&#8217;esglèsia Luterana. La casa tenia cuina, menjador, futbolín, billar, projector, jadí, grill&#8230; Així que algunes de les activitats per passar l&#8217;estona van ser jugar a cartes, fer BBQ, karaoke, nits de cinema&#8230; Les dutxes eren a un altre edifici a 5 minuts caminant i tenien els seus horaris. El pastor de l&#8217;esglèsia Luterana era la persona que portava el voluntariat i ens va fer sentir com a casa. Ens va presentar a la gent del poble, gràcies a ell vam conèixer l&#8217;alcalde que ens va rebre a l&#8217;ajuntament per explicar-nos la història de Datteln, vam sortir al diari local del poble, ens va ensenyar una de les principals fàbriques d&#8217;allà, ens va fer una visita guiada per Datteln, etc. No crec que poguessim estar més ben atesos.</p>
<p>Durant la primera setmana la nostra tasca era seguir un projecte artístic que tenien en una sala de l&#8217;esglèsia en motiu de la pau i la reconcialició després de la 2a Guerra Mundial. Quan vam acabar, cadascú va ensenyar la seva obra i la va donar a conèixer a la comunitat. La segona setmana vam anar a l&#8217;escola bressol del poble i bàsicament havíem de fer treball de jardineria: treure les males herbes, remoure la terra per construir una valla, i netejar una zona plena d&#8217;arbustos perquè els infants hi poguessin jugar. Com que va ploure vam tenir bastanta estona per conèixer els nens i jugar amb ells, sempre t&#8217;acabes entenent. Les mestres ens van rebre amb els braços oberts.</p>
</div>
<div class="vc_column_inner width-1-4">Els caps de setmana els teníem lliure i vam apofitar per visitar un dels museus miners més grans del món a Boccum, Dortmund, Essen, München&#8230; Durant les estones lliures els dies de cada dia podíem agafar les bicicletes per fer excursions, teníem la piscina del poble gratuïta (on vam jugar incansables partides de vollei)&#8230; Vam gaudir de bon temps i de molt bona companyia.</p>
<p><strong>Com preparar-se el viatge</strong></p>
<p>Així que em van confirmar el camp de treball vaig comprar el bitllet d&#8217;avió d&#8217;anada i tornada. A la maleta hi vaig posar una mica de tot però el temps va ser bo, era finals de juliol i la primera setmana ens va fer molt bon temps (tirants i shorts) i la segona va ploure i feia més núvol. Crec que el millor és portar-se la teva roba de sempre amb coses «per si de cas» com uns pantalons llargs, una jaqueta fina i un impermeable. Banyador perquè vam anar a la piscina. Bambes còmodes però també sandàlies, una motxilla o bolso petit per fer excursions&#8230; I sobretot el sac de dormir! Allà també ens van donar mantes perquè per la nit feia fresca.</p>
<p><strong>Introducció a la cultura i la societat</strong></p>
<p>En ser una cultura occidental no és molt diferent a la nostra, són molt respectuosos i agraeixen molt si intentes comunicar-te en el seu idioma. Són persones molt netes, els carrers estan impecables i és una zona que captiva pels seus paisatges verds.</p>
<p><strong>Com moure’s</strong></p>
<p>Jo vaig anar amb avió fins a l&#8217;aeroport de Düsseldorf i allà havia d&#8217;agafar un tren fins a Castrop-Rauxel on en vindrien a buscar en cotxe per anar a Datteln, però la veritat és que Alemanya en el tema de transports és un caos, està mal indicat i falta senyalització. A les estacions de tren posa les direcccions però en cap lloc surt que X tren vagi d&#8217;aquí a allà i que pel mig faci X parades. Em va estranyar moltíssim que a l&#8217;estació de Düsseldorf (una de les principals) no hi hagués absolutament ningú a qui preguntar, em vaig trobar a un revisor de casualitat i ni ell sabia de quina andana sortia el tren que necessitava. Després resulta que el tren que vaig agafar justament aquell dia no parava a la meva parada per obres&#8230; Per sort em vaig trobar un noi de Catalunya que em va indicar quin bus havia d&#8217;agafar per anar a Castrop. Per arribar al meeting point tothom es va perdre, va ser molt diertit després quan ho recordàvem. Si tens intenció de quedar-te viatjant per Alemanya, et recomano baixar-te l&#8217;aplicació DB Navigation, allà està el que necessites.</p>
<p>El transport que després vam utilitzar van ser les bicicletes que teníem a la casa, el cotxe/furgoneta de 9 places i tren i bus quan vam fer visites i turisme.</p>
</div>
<div class="vc_column_inner width-1-4"><strong>Com comunicar-se</strong></p>
<p>L&#8217;idioma vehicular per comunicar-se al camp de treball és l&#8217;anglès. Encara que vaig anar amb dubtes de no ser capaç de comunicar-me totalment en anglès, allà em vaig adonar que tots/es teníem un nivell bastant semblant i que el llenguatge de signes és universal i molt útil! La gent del poble no parlava gaire anglès però ens vam fer entendre perfectament gràcies als monitors que sabien una mica d&#8217;alemay. A part d&#8217;això, el camp de treball és una oportunitat excel·lent per aprendre altres idiomes! No us podeu imaginar la de paraules que vaig aprendre en alemany del dia a dia d&#8217;allà.</p>
<p><strong>Diners</strong></p>
<p>Alemanya té un cost de vida una mica més alt que aquí. Per sort, al costat de casa nostra teníem un supermercat per comprar el que necessitessim a bon preu. El que destacaria més és el transport (trens/busos). A vegades resultava més barat fer trajectes llargs que curts. El que recomanaria és treure&#8217;s un bitllet compartit de 5 persones, el qual té viatges il·limitats durant tot el dia, us asseguro que els vam amortitzar moltíssim!!! Respecte els diners a portar durant el camp de treball, crec que està bé emportar-se uns quants per si de cas però l&#8217;organització t&#8217;ho paga tot allà. En el meu cas, menjar i begudes estaven incloses, fins i tot per fer el sopar del teu país ens van donar diners per comprar-lo. L&#8217;únic que vam pagar era si anàvem a menjar un gelat o prendre alguna cosa fora i alguns transports quan els monitors es van quedar sense pressupost. Recomano anar també amb targeta bancària per si un cop allà decidiu viatjar a algun lloc després del camp, per poder reservar trens i albergs.</p>
</div>
<div class="vc_column_inner width-1-4"><strong>Alimentació</strong></p>
<p>El menjar va estar molt bé, cada dia dues persones cuinaven però de seguida hi havia algú més que s&#8217;oferia a ajudar-te, sobretot els monitors. Sobretot menjaràs kartofen, kartofen i kartofen i carn en general. Si ets vegetarià no dubtis en dir-ho el primer dia, no t&#8217;hi posaran cap inconvenient. Cada nit cuinava un país diferent i vaig tastar menjars deliciosos. Preparat perquè et tocarà cuinar un plat d&#8217;aquí així que si et vols portar de casa algun ingredient faràs molt bé! Petita recomanació: a Alemanya sembla que només existeixi sparkling water, així que si vols aigua sense gas assegurat de dir «aigua sense gas». A Alemanya es pot veure aigua de l&#8217;aixeta sense cap problema però als restaurants l&#8217;aigua la cobren força cara degut als impostos que paguen.</p>
<p><strong>Viatjar abans o desprès del camp</strong></p>
<p>Jo recomanaria viatjar després perquè així has tingut un temps per introduïr-te a la seva cultura, saps com funcionen els transports i reconèixes paraules del seu idioma. En el meu cas, ens vam ajuntar un grupet per anar a visitar Köln (Colònia) i Düsseldorf. Altres companyes anaven a Amsterdam, d&#8217;altres ja tenien el viatge programat amb altre gent per Europa, etc.</p>
<p><strong>Altres consells</strong></p>
<p>Veniu amb un somriure que en sortireu amb un de més gran.</p>
</div>
<p>&nbsp;</p>
<p style="text-align: left"></div>
