{"id":2387,"date":"2016-11-02T14:48:10","date_gmt":"2016-11-02T13:48:10","guid":{"rendered":"https:\/\/cocat-experiencies.c.wetopi.com\/experiencias\/la-diversitat-no-nomes-esta-en-les-persones\/"},"modified":"2016-11-02T14:48:10","modified_gmt":"2016-11-02T13:48:10","slug":"la-diversitat-no-nomes-esta-en-les-persones","status":"publish","type":"experiencias","link":"https:\/\/experiencies.cocat.org\/es\/experiencias\/la-diversitat-no-nomes-esta-en-les-persones\/","title":{"rendered":"La diversitat no nom\u00e9s est\u00e0 en les persones"},"content":{"rendered":"<h4><strong>Laura Niub\u00f3 Colomer\u00a0<\/strong><\/h4>\n<p>Categoria voluntariat<\/p>\n<p>&nbsp;<\/p>\n","protected":false},"featured_media":2388,"template":"","categoria-experiencia":[132],"class_list":["post-2387","experiencias","type-experiencias","status-publish","has-post-thumbnail","hentry","categoria-experiencia-2016-es"],"_links":{"self":[{"href":"https:\/\/experiencies.cocat.org\/es\/wp-json\/wp\/v2\/experiencias\/2387","targetHints":{"allow":["GET"]}}],"collection":[{"href":"https:\/\/experiencies.cocat.org\/es\/wp-json\/wp\/v2\/experiencias"}],"about":[{"href":"https:\/\/experiencies.cocat.org\/es\/wp-json\/wp\/v2\/types\/experiencias"}],"wp:featuredmedia":[{"embeddable":true,"href":"https:\/\/experiencies.cocat.org\/es\/wp-json\/wp\/v2\/media\/2388"}],"wp:attachment":[{"href":"https:\/\/experiencies.cocat.org\/es\/wp-json\/wp\/v2\/media?parent=2387"}],"wp:term":[{"taxonomy":"categoria-experiencia","embeddable":true,"href":"https:\/\/experiencies.cocat.org\/es\/wp-json\/wp\/v2\/categoria-experiencia?post=2387"}],"curies":[{"name":"wp","href":"https:\/\/api.w.org\/{rel}","templated":true}]}}

La diversitat no només està en les persones

<h4><strong>Laura Niubó Colomer </strong></h4>
<p>Categoria voluntariat</p>
<p>&nbsp;</p>
