{"id":2438,"date":"2016-09-27T14:03:46","date_gmt":"2016-09-27T12:03:46","guid":{"rendered":"https:\/\/cocat-experiencies.c.wetopi.com\/experiencias\/alemanya-ijgd-76103-show-your-support-for-international-understanding\/"},"modified":"2016-09-27T14:03:46","modified_gmt":"2016-09-27T12:03:46","slug":"alemanya-ijgd-76103-show-your-support-for-international-understanding","status":"publish","type":"experiencias","link":"https:\/\/experiencies.cocat.org\/es\/experiencias\/alemanya-ijgd-76103-show-your-support-for-international-understanding\/","title":{"rendered":"Alemanya &#8211; IJGD 76103 &#8211; SHOW YOUR SUPPORT FOR INTERNATIONAL UNDERSTANDING"},"content":{"rendered":"<p><a href=\"http:\/\/www.cocat.org\/wp-content\/uploads\/2016\/09\/IMG_1164.jpg\"><img fetchpriority=\"high\" decoding=\"async\" class=\"alignleft size-large wp-image-8259\" src=\"http:\/\/www.cocat.org\/wp-content\/uploads\/2016\/09\/IMG_1164-1024x768.jpg\" alt=\"IMG_1164\" width=\"1024\" height=\"768\" \/><\/a><\/p>\n<div class=\"vc_row_inner\"><div class=\"vc_column_inner width-1-4\"><div class=\"vc_column_text\"><\/div><strong>Entitat organitzadora<\/strong><\/p>\n<p><a href=\"http:\/\/www.ijgd.de\/\" target=\"_blank\" rel=\"noopener noreferrer\">IJGD<\/a><\/p>\n<p><strong>Localitat<\/strong><\/p>\n<p>El camp es va realitzar a Berlin, la capital d&#8217;Alemanya.<\/p>\n<p><strong>L\u2019experi\u00e8ncia en el camp<\/strong><\/p>\n<p>La primera setmana d&#8217;aquest camp teniem, pel mat\u00ed, classes d&#8217;alemany de dilluns a divendres, tres hores cada dia. I les altres dues setmanes vam arreglar la zona on estaven enterrats els que van morir durant la segona guerra mundial a un cementiri ubicat a la zona de Reinickendorf. La feina consistia en tallar branques, arrancar les arrels, fer rases&#8230; era tot molt de restauraci\u00f3 del medi ambient. Aquest treball l&#8217;haviem de realitzar 5 hores al dia de dilluns a divendres, per\u00f2 ens van donar la oportunitat de treballar 6 hores al dia i nom\u00e9s de dillums a dijous, tenint el divendres festa. nosaltres vam triar la segona opci\u00f3, per tant encara teniem mes temps lliure.<br \/>\nEl temps lliure l&#8217;utilitzavem per visitar Berlin, anar de compres, anar a parcs, banyar-nos al llac, anar amb bici al voltant de Berlin o si estavem molt cansats del treball per dormir una estona.<br \/>\nEl segon cap de setmana van venir els de un altre camp de treball que s&#8217;estava realitzan tambe a Alemanya i volien visitar Berlin. Vam comviure des de divendres a diumenge tots juns i els va agradar tant Berlin i la nostra companyia que van decidir venir l&#8217;ultim cap de setmana i fer la despedida tots junts, els dos grups.<\/p>\n<p>&nbsp;<\/p>\n<\/div>\n<div class=\"vc_column_inner width-1-4\"><strong>Com preparar-se el viatge<\/strong><\/p>\n<p>\u00c9s millor mirar els billets d&#8217;avi\u00f3 o tren amb antelaci\u00f3 perqu\u00e9 aix\u00ed son mes barats. Tamb\u00e9 es important portar el DNI o passaport i la tarjeta d&#8217;asseguran\u00e7a (si la teniu).<br \/>\nA la motxila es recomanable portar roba vella i comode; per les hores de treball; roba impermeable o paraigua; ja que sol ploure. Pero tambe aconsello portar roba del dia a dia per si alg\u00fan cop es va a visitar algo, als parcs, llacs&#8230;<br \/>\nTambe est\u00e1 b\u00e9 si porteu algun joc de taula o cartes per jugar tots junts.<\/p>\n<p><strong>Introducci\u00f3 a la cultura i la societat<\/strong><\/p>\n<p>Alemanya es un pa\u00eds europeu, per tant no hi ha gaires difer\u00e8ncies. Al principi els horaris per menjar eran diferents perqu\u00e8 menjen abans, per\u00f2 al final ni aix\u00f2 era diferent perqu\u00e8 al tenir les tardes lliures ens an\u00e0vem i no tornavem fins les 8:30 o 9.<\/p>\n<p><strong>Com moure\u2019s<\/strong><\/p>\n<p>Jo vaig anar fins Berlin amb avi\u00f3 i un cop all\u00e0 vaig tenir que agafar dos busos fins l&#8217;allotjament. Hi ha molts busos i trens i tot esta molt ben indicat i no es massa car.<br \/>\nA l&#8217;infosheet hi havia molta informaci\u00f3 sobre com arribar tant si agafaves avio, com tren; t&#8217;indicaven varies opcions per arribar.<\/p>\n<p>&nbsp;<\/p>\n<p>&nbsp;<\/p>\n<\/div>\n<div class=\"vc_column_inner width-1-4\"><strong>Com comunicar-se<\/strong><\/p>\n<p>Al camp de treball l&#8217;idioma que tots parlavem era el angl\u00e8s, perqu\u00e8 era el que tots sabiem. Per\u00f2 de tant en tant intentavem parlar amb alemany, ja que la primera setmana del camp vam tenir clases on vam aprendre situacions quotidianes (presentarse, els gustos, per anar a fer la compra&#8230;).<\/p>\n<p><strong>Diners<\/strong><\/p>\n<p>A Alemanya la moneda es el euro com aqui, per tant ais\u00f2 no es cap problema.<br \/>\nNosaltres teniem un pressupost pel menjar i tambe un altre per les activitats que feiem en el temps lliure. Vam fer dues excursions a altres ciutats, avegades compravem el sopar i anavem a un parc a menjar ifer la nostra festa&#8230; I els diners no s&#8217;ens van gastar!<br \/>\nJo nom\u00e9s vaig utilitzar els meus diners per comprar els regals i per les meves compres.<\/p>\n<p><strong>Alimentaci\u00f3<\/strong><\/p>\n<p>Durant el camp teniem equips de cuina formats per tres persones que s&#8217;encarregaven de despertar a la gent, comprar, cuinar i netejar la cuina, aquets grups els cambiavem cada setmana. A mes teniem la \u00abShopping list\u00bb on cadasc\u00fa apuntave el que necesitave per cuinar o simplement el que volia.<br \/>\nVaig menjar molts plats diferents i de diferents pa\u00efsos i tots estaven bonisims. El menjar no va ser cap problema.<br \/>\n\u00c9s bo portar alguna recepta t\u00edpica del pa\u00eds per que la provin.<\/p>\n<\/div>\n<p>&nbsp;<\/p>\n<div class=\"vc_column_inner width-1-4\"><strong>Viatjar abans o despr\u00e8s del camp<\/strong><\/p>\n<p>Jo no vaig viatjar despr\u00e8s del camp del treball perqu\u00e8 ja havia visitat tots els llocs de Berlin que volia veure i a m\u00e9s no hem va ser possible. Per\u00f2 hi havia gent que es quedaven uns quants dies mes per Berlin o visitaven altres ciutats properes fins i tot una noia va anar a Praga abans de tronar al seu pa\u00eds.<br \/>\nJo crec que es una molt bona idea viatjar al acabar el camp perqu\u00e8 segurament hi ha alg\u00fa que voldra anar amb tu.<\/p>\n<p><strong>Altres consells<\/strong><\/p>\n<p>Crec que \u00e9s una experi\u00e8ncia magnifica. Pots aprendre altres idiomes, cultures, fer nous amics i visitar un altre pa\u00eds mentre treballes unes quantes hores.<br \/>\nJo m&#8217;ho he passat genial i penso tornar a fer un altre camp de treball l&#8217;estiu que ve.<\/p>\n<p>&nbsp;<\/p>\n<p>&nbsp;<\/p>\n<\/div>\n<p>&nbsp;<\/p>\n<p style=\"text-align: left\"><\/div>\n","protected":false},"featured_media":2439,"template":"","categoria-experiencia":[140,37],"class_list":["post-2438","experiencias","type-experiencias","status-publish","has-post-thumbnail","hentry","categoria-experiencia-alemania-es","categoria-experiencia-corta-duracion"],"_links":{"self":[{"href":"https:\/\/experiencies.cocat.org\/es\/wp-json\/wp\/v2\/experiencias\/2438","targetHints":{"allow":["GET"]}}],"collection":[{"href":"https:\/\/experiencies.cocat.org\/es\/wp-json\/wp\/v2\/experiencias"}],"about":[{"href":"https:\/\/experiencies.cocat.org\/es\/wp-json\/wp\/v2\/types\/experiencias"}],"wp:featuredmedia":[{"embeddable":true,"href":"https:\/\/experiencies.cocat.org\/es\/wp-json\/wp\/v2\/media\/2439"}],"wp:attachment":[{"href":"https:\/\/experiencies.cocat.org\/es\/wp-json\/wp\/v2\/media?parent=2438"}],"wp:term":[{"taxonomy":"categoria-experiencia","embeddable":true,"href":"https:\/\/experiencies.cocat.org\/es\/wp-json\/wp\/v2\/categoria-experiencia?post=2438"}],"curies":[{"name":"wp","href":"https:\/\/api.w.org\/{rel}","templated":true}]}}

<p><a href="http://www.cocat.org/wp-content/uploads/2016/09/IMG_1164.jpg"><img fetchpriority="high" decoding="async" class="alignleft size-large wp-image-8259" src="http://www.cocat.org/wp-content/uploads/2016/09/IMG_1164-1024x768.jpg" alt="IMG_1164" width="1024" height="768" /></a></p>
<div class="vc_row_inner"><div class="vc_column_inner width-1-4"><div class="vc_column_text"></div><strong>Entitat organitzadora</strong></p>
<p><a href="http://www.ijgd.de/" target="_blank" rel="noopener noreferrer">IJGD</a></p>
<p><strong>Localitat</strong></p>
<p>El camp es va realitzar a Berlin, la capital d&#8217;Alemanya.</p>
<p><strong>L’experiència en el camp</strong></p>
<p>La primera setmana d&#8217;aquest camp teniem, pel matí, classes d&#8217;alemany de dilluns a divendres, tres hores cada dia. I les altres dues setmanes vam arreglar la zona on estaven enterrats els que van morir durant la segona guerra mundial a un cementiri ubicat a la zona de Reinickendorf. La feina consistia en tallar branques, arrancar les arrels, fer rases&#8230; era tot molt de restauració del medi ambient. Aquest treball l&#8217;haviem de realitzar 5 hores al dia de dilluns a divendres, però ens van donar la oportunitat de treballar 6 hores al dia i només de dillums a dijous, tenint el divendres festa. nosaltres vam triar la segona opció, per tant encara teniem mes temps lliure.<br />
El temps lliure l&#8217;utilitzavem per visitar Berlin, anar de compres, anar a parcs, banyar-nos al llac, anar amb bici al voltant de Berlin o si estavem molt cansats del treball per dormir una estona.<br />
El segon cap de setmana van venir els de un altre camp de treball que s&#8217;estava realitzan tambe a Alemanya i volien visitar Berlin. Vam comviure des de divendres a diumenge tots juns i els va agradar tant Berlin i la nostra companyia que van decidir venir l&#8217;ultim cap de setmana i fer la despedida tots junts, els dos grups.</p>
<p>&nbsp;</p>
</div>
<div class="vc_column_inner width-1-4"><strong>Com preparar-se el viatge</strong></p>
<p>És millor mirar els billets d&#8217;avió o tren amb antelació perqué així son mes barats. També es important portar el DNI o passaport i la tarjeta d&#8217;assegurança (si la teniu).<br />
A la motxila es recomanable portar roba vella i comode; per les hores de treball; roba impermeable o paraigua; ja que sol ploure. Pero tambe aconsello portar roba del dia a dia per si algún cop es va a visitar algo, als parcs, llacs&#8230;<br />
Tambe está bé si porteu algun joc de taula o cartes per jugar tots junts.</p>
<p><strong>Introducció a la cultura i la societat</strong></p>
<p>Alemanya es un país europeu, per tant no hi ha gaires diferències. Al principi els horaris per menjar eran diferents perquè menjen abans, però al final ni això era diferent perquè al tenir les tardes lliures ens anàvem i no tornavem fins les 8:30 o 9.</p>
<p><strong>Com moure’s</strong></p>
<p>Jo vaig anar fins Berlin amb avió i un cop allà vaig tenir que agafar dos busos fins l&#8217;allotjament. Hi ha molts busos i trens i tot esta molt ben indicat i no es massa car.<br />
A l&#8217;infosheet hi havia molta informació sobre com arribar tant si agafaves avio, com tren; t&#8217;indicaven varies opcions per arribar.</p>
<p>&nbsp;</p>
<p>&nbsp;</p>
</div>
<div class="vc_column_inner width-1-4"><strong>Com comunicar-se</strong></p>
<p>Al camp de treball l&#8217;idioma que tots parlavem era el anglès, perquè era el que tots sabiem. Però de tant en tant intentavem parlar amb alemany, ja que la primera setmana del camp vam tenir clases on vam aprendre situacions quotidianes (presentarse, els gustos, per anar a fer la compra&#8230;).</p>
<p><strong>Diners</strong></p>
<p>A Alemanya la moneda es el euro com aqui, per tant aisò no es cap problema.<br />
Nosaltres teniem un pressupost pel menjar i tambe un altre per les activitats que feiem en el temps lliure. Vam fer dues excursions a altres ciutats, avegades compravem el sopar i anavem a un parc a menjar ifer la nostra festa&#8230; I els diners no s&#8217;ens van gastar!<br />
Jo només vaig utilitzar els meus diners per comprar els regals i per les meves compres.</p>
<p><strong>Alimentació</strong></p>
<p>Durant el camp teniem equips de cuina formats per tres persones que s&#8217;encarregaven de despertar a la gent, comprar, cuinar i netejar la cuina, aquets grups els cambiavem cada setmana. A mes teniem la «Shopping list» on cadascú apuntave el que necesitave per cuinar o simplement el que volia.<br />
Vaig menjar molts plats diferents i de diferents països i tots estaven bonisims. El menjar no va ser cap problema.<br />
És bo portar alguna recepta típica del país per que la provin.</p>
</div>
<p>&nbsp;</p>
<div class="vc_column_inner width-1-4"><strong>Viatjar abans o desprès del camp</strong></p>
<p>Jo no vaig viatjar desprès del camp del treball perquè ja havia visitat tots els llocs de Berlin que volia veure i a més no hem va ser possible. Però hi havia gent que es quedaven uns quants dies mes per Berlin o visitaven altres ciutats properes fins i tot una noia va anar a Praga abans de tronar al seu país.<br />
Jo crec que es una molt bona idea viatjar al acabar el camp perquè segurament hi ha algú que voldra anar amb tu.</p>
<p><strong>Altres consells</strong></p>
<p>Crec que és una experiència magnifica. Pots aprendre altres idiomes, cultures, fer nous amics i visitar un altre país mentre treballes unes quantes hores.<br />
Jo m&#8217;ho he passat genial i penso tornar a fer un altre camp de treball l&#8217;estiu que ve.</p>
<p>&nbsp;</p>
<p>&nbsp;</p>
</div>
<p>&nbsp;</p>
<p style="text-align: left"></div>
